000
CDUS43 KEAX 180034
CLIOJC


CLIMATE REPORT
NATIONAL WEATHER SERVICE KANSAS CITY/PLEASANT HILL MO
734 PM CDT FRI APR 17 2015


...................................

...THE JOHNSON COUNTY EXECUTIVE KS CLIMATE SUMMARY FOR APRIL 17 2015...
VALID TODAY AS OF 0700 PM LOCAL TIME.

CLIMATE NORMAL PERIOD 1981 TO 2010
CLIMATE RECORD PERIOD 9999 TO 9999


WEATHER ITEM   OBSERVED TIME   NORMAL DEPARTURE LAST
                VALUE   (LST)  VALUE  FROM      YEAR
                                      NORMAL
......................................................
TEMPERATURE (F)
 TODAY
  MAXIMUM         76    233 PM  66     10       48
  MINIMUM         56    427 AM  46     10       37
  AVERAGE         66            56     10       43

PRECIPITATION (IN)
  TODAY            0.00          0.14  -0.14      T
  MONTH TO DATE    2.38          1.91   0.47     1.76
  SINCE MAR 1      3.24          4.54  -1.30     2.55
  SINCE JAN 1      4.83          7.23  -2.40     3.04

DEGREE DAYS
 HEATING
  TODAY            0            10    -10       22
  MONTH TO DATE  115           211    -96      254
  SINCE MAR 1    652           835   -183     1010
  SINCE JUL 1   4687          4728    -41     5491

 COOLING
  TODAY            1             1      0        0
  MONTH TO DATE    7             9     -2        3
  SINCE MAR 1      9            10     -1        3
  SINCE JAN 1      9            10     -1        3
......................................................


WIND (MPH)
  HIGHEST WIND SPEED    17   HIGHEST WIND DIRECTION     S (170)
  HIGHEST GUST SPEED    21   HIGHEST GUST DIRECTION     S (160)
  AVERAGE WIND SPEED     6.8


SKY COVER
  AVERAGE SKY COVER 0.3


WEATHER CONDITIONS
 THE FOLLOWING WEATHER WAS RECORDED TODAY.
  NO SIGNIFICANT WEATHER WAS OBSERVED.


RELATIVE HUMIDITY (PERCENT)
 HIGHEST    93           100 AM
 LOWEST     57           300 PM
 AVERAGE    75

..........................................................


THE JOHNSON COUNTY EXECUTIVE KS CLIMATE NORMALS FOR TOMORROW
                         NORMAL
 MAXIMUM TEMPERATURE (F)   66
 MINIMUM TEMPERATURE (F)   46


SUNRISE AND SUNSET
APRIL 17 2015.........SUNRISE   640 AM CDT   SUNSET   758 PM CDT
APRIL 18 2015.........SUNRISE   639 AM CDT   SUNSET   759 PM CDT


-  INDICATES NEGATIVE NUMBERS.
R  INDICATES RECORD WAS SET OR TIED.
MM INDICATES DATA IS MISSING.
T  INDICATES TRACE AMOUNT.




$$
