000
CDUS46 KSEW 060829
CLIOLM


CLIMATE REPORT
NATIONAL WEATHER SERVICE SEATTLE WA
128 AM PDT WED MAY 6 2015


...................................

...THE OLYMPIA WA AIRPORT CLIMATE SUMMARY FOR MAY 5 2015...

CLIMATE NORMAL PERIOD 1981 TO 2010
CLIMATE RECORD PERIOD 1948 TO 2015


WEATHER ITEM   OBSERVED TIME   RECORD YEAR NORMAL DEPARTURE LAST
                VALUE   (LST)  VALUE       VALUE  FROM      YEAR
                                                  NORMAL
..................................................................
TEMPERATURE (F)
 YESTERDAY
  MAXIMUM         58    354 PM  88    1953  63     -5       58
  MINIMUM         43   1159 PM  27    1978  41      2       46
  AVERAGE         51                        52     -1       52

PRECIPITATION (IN)
  YESTERDAY        0.35          1.54 1948   0.09   0.26     0.14
  MONTH TO DATE    0.35                      0.42  -0.07     1.62
  SINCE OCT 1     39.20                     43.05  -3.85    36.93
  SINCE JAN 1     20.17                     22.36  -2.19    28.09

DEGREE DAYS
 HEATING
  YESTERDAY       14                        13      1       13
  MONTH TO DATE   65                        68     -3       44
  SINCE MAR 1   1077                      1205   -128     1076
  SINCE JUL 1   4112                      4927   -815     4859

 COOLING
  YESTERDAY        0                         0      0        0
  MONTH TO DATE    0                         0      0        0
  SINCE MAR 1      0                         0      0        0
  SINCE JAN 1      0                         0      0        0
..................................................................


WIND (MPH)
  RESULTANT WIND SPEED   5   RESULTANT WIND DIRECTION  SW (220)
  HIGHEST WIND SPEED    18   HIGHEST WIND DIRECTION     W (260)
  HIGHEST GUST SPEED    26   HIGHEST GUST DIRECTION    SW (240)
  AVERAGE WIND SPEED     6.3


SKY COVER
  AVERAGE SKY COVER 0.7


WEATHER CONDITIONS
 THE FOLLOWING WEATHER WAS RECORDED YESTERDAY.
  HEAVY RAIN
  RAIN
  LIGHT RAIN
  FOG


RELATIVE HUMIDITY (PERCENT)
 HIGHEST    93          1000 PM
 LOWEST     51           400 PM
 AVERAGE    72

..........................................................


THE OLYMPIA WA AIRPORT CLIMATE NORMALS FOR TODAY
                         NORMAL    RECORD    YEAR
 MAXIMUM TEMPERATURE (F)   63        86      2013
 MINIMUM TEMPERATURE (F)   41        27      1965


SUNRISE AND SUNSET
MAY  6 2015...........SUNRISE   549 AM PDT   SUNSET   829 PM PDT
MAY  7 2015...........SUNRISE   547 AM PDT   SUNSET   830 PM PDT


-  INDICATES NEGATIVE NUMBERS.
R  INDICATES RECORD WAS SET OR TIED.
MM INDICATES DATA IS MISSING.
T  INDICATES TRACE AMOUNT.




$$
