000
CDUS46 KSGX 271416
CLIONT


CLIMATE REPORT
NATIONAL WEATHER SERVICE SAN DIEGO, CA
716 AM PDT MON APR 27 2015


...................................

...THE ONTARIO INTL AIRPORT CA CLIMATE SUMMARY FOR APRIL 26 2015...

CLIMATE NORMAL PERIOD 1981 TO 2010
CLIMATE RECORD PERIOD 1998 TO 2015


WEATHER ITEM   OBSERVED TIME   RECORD YEAR NORMAL DEPARTURE LAST
                VALUE   (LST)  VALUE       VALUE  FROM      YEAR
                                                  NORMAL
..................................................................
TEMPERATURE (F)
 YESTERDAY
  MAXIMUM         75    249 PM 101    2004  76     -1       65
  MINIMUM         50    533 AM  46    2009  53     -3       48
  AVERAGE         63                        64     -1       57

PRECIPITATION (IN)
  YESTERDAY        0.00          0.18 2012   0.04  -0.04     0.02
  MONTH TO DATE    0.50                      0.84  -0.34     0.75
  SINCE OCT 1      8.93                     14.03  -5.10     4.30
  SINCE JAN 1      3.29                      9.86  -6.57     3.42

SNOWFALL (IN)
  YESTERDAY        0.0
  MONTH TO DATE    0.0
  SINCE MAR 1      0.0
  SINCE JUL 1      0.0
  SNOW DEPTH       0

DEGREE DAYS
 HEATING
  YESTERDAY        2                         3     -1        8
  MONTH TO DATE   56                       112    -56       57
  SINCE MAR 1    113                       324   -211      130
  SINCE JUL 1    713                      1481   -768      816

 COOLING
  YESTERDAY        0                         2     -2        0
  MONTH TO DATE   34                        34      0       77
  SINCE MAR 1    153                        46    107      109
  SINCE JAN 1    183                        52    131      139
..................................................................


WIND (MPH)
  RESULTANT WIND SPEED   5   RESULTANT WIND DIRECTION   W (270)
  HIGHEST WIND SPEED    20   HIGHEST WIND DIRECTION     W (270)
  HIGHEST GUST SPEED    25   HIGHEST GUST DIRECTION     W (280)
  AVERAGE WIND SPEED     5.8


SKY COVER
  POSSIBLE SUNSHINE  MM
  AVERAGE SKY COVER 0.7


WEATHER CONDITIONS
 THE FOLLOWING WEATHER WAS RECORDED YESTERDAY.
  FOG


RELATIVE HUMIDITY (PERCENT)
 HIGHEST    96           300 AM
 LOWEST     35           200 PM
 AVERAGE    66

..........................................................


THE ONTARIO INTL AIRPORT CA CLIMATE NORMALS FOR TODAY
                         NORMAL    RECORD    YEAR
 MAXIMUM TEMPERATURE (F)   76       100      2004
 MINIMUM TEMPERATURE (F)   53        46      2003


SUNRISE AND SUNSET
APRIL 27 2015.........SUNRISE   606 AM PDT   SUNSET   731 PM PDT
APRIL 28 2015.........SUNRISE   605 AM PDT   SUNSET   732 PM PDT


-  INDICATES NEGATIVE NUMBERS.
R  INDICATES RECORD WAS SET OR TIED.
MM INDICATES DATA IS MISSING.
T  INDICATES TRACE AMOUNT.




$$
