000
CDUS46 KPQR 252321
CLIPDX


CLIMATE REPORT
NATIONAL WEATHER SERVICE PORTLAND OREGON
420 PM PDT SAT APR 25 2015


...................................

...THE PORTLAND OR CLIMATE SUMMARY FOR APRIL 25 2015...
VALID TODAY AS OF 0400 PM LOCAL TIME.

CLIMATE NORMAL PERIOD 1981 TO 2010
CLIMATE RECORD PERIOD 1940 TO 2015


WEATHER ITEM   OBSERVED TIME   RECORD YEAR NORMAL DEPARTURE LAST
                VALUE   (LST)  VALUE       VALUE  FROM      YEAR
                                                  NORMAL
..................................................................
TEMPERATURE (F)
 TODAY
  MAXIMUM         62    237 PM  82    2001  63     -1       56
  MINIMUM         44    547 AM  32    1955  44      0       43
  AVERAGE         53                        54     -1       50

PRECIPITATION (IN)
  TODAY            0.04          1.00 1989   0.08  -0.04      T
  MONTH TO DATE    1.72                      2.34  -0.62     2.61
  SINCE OCT 1     28.45                     28.68  -0.23    23.77
  SINCE JAN 1     13.47                     14.56  -1.09    17.95

DEGREE DAYS
 HEATING
  TODAY           12                        11      1       15
  MONTH TO DATE  322                       330     -8      288
  SINCE MAR 1    704                       852   -148      772
  SINCE JUL 1   3176                      3910   -734     4070

 COOLING
  TODAY            0                         0      0        0
  MONTH TO DATE    0                         0      0        0
  SINCE MAR 1      0                         0      0        0
  SINCE JAN 1      0                         0      0        0
..................................................................


WIND (MPH)
  HIGHEST WIND SPEED    10   HIGHEST WIND DIRECTION     W (280)
  HIGHEST GUST SPEED    15   HIGHEST GUST DIRECTION     W (290)
  AVERAGE WIND SPEED     4.3



WEATHER CONDITIONS
 THE FOLLOWING WEATHER WAS RECORDED TODAY.
  LIGHT RAIN
  FOG


RELATIVE HUMIDITY (PERCENT)
 HIGHEST   100           600 AM
 LOWEST     36           300 PM
 AVERAGE    68

..........................................................


THE PORTLAND OR CLIMATE NORMALS FOR TOMORROW
                         NORMAL    RECORD    YEAR
 MAXIMUM TEMPERATURE (F)   63        86      2004
                                             1947
 MINIMUM TEMPERATURE (F)   44        34      1970
                                             1969
                                             1958


SUNRISE AND SUNSET
APRIL 25 2015.........SUNRISE   608 AM PDT   SUNSET   810 PM PDT
APRIL 26 2015.........SUNRISE   606 AM PDT   SUNSET   811 PM PDT


-  INDICATES NEGATIVE NUMBERS.
R  INDICATES RECORD WAS SET OR TIED.
MM INDICATES DATA IS MISSING.
T  INDICATES TRACE AMOUNT.




$$
