000
CDUS41 KRLX 172120
CLIPKB


CLIMATE REPORT
NATIONAL WEATHER SERVICE CHARLESTON WV
519 PM EDT FRI APR 17 2015


...................................

...THE PARKERSBURG WV CLIMATE SUMMARY FOR APRIL 17 2015...
VALID TODAY AS OF 0500 PM LOCAL TIME.

CLIMATE NORMAL PERIOD 1981 TO 2010
CLIMATE RECORD PERIOD 1889 TO 2015


WEATHER ITEM   OBSERVED TIME   RECORD YEAR NORMAL DEPARTURE LAST
                VALUE   (LST)  VALUE       VALUE  FROM      YEAR
                                                  NORMAL
..................................................................
TEMPERATURE (F)
 TODAY
  MAXIMUM         76    355 PM  91    1896  67      9       68
  MINIMUM         56   1254 AM  26    1962  43     13       32
  AVERAGE         66                        55     11       50

PRECIPITATION (IN)
  TODAY            0.10          0.40 2006   0.11  -0.01     0.00
  MONTH TO DATE    5.64                      1.83   3.81       MM
  SINCE MAR 1     11.23                      5.56   5.67       MM
  SINCE JAN 1     15.12                     11.21   3.91       MM

DEGREE DAYS
 HEATING
  TODAY            0                        11    -11       15
  MONTH TO DATE  143                       227    -84       MM
  SINCE MAR 1    884                       898    -14       MM
  SINCE JUL 1   5102                      4688    414       MM

 COOLING
  TODAY            1                         1      0        0
  MONTH TO DATE    9                         7      2       MM
  SINCE MAR 1      9                        10     -1       MM
  SINCE JAN 1      9                        10     -1       MM
..................................................................


WIND (MPH)
  HIGHEST WIND SPEED    12   HIGHEST WIND DIRECTION     W (280)
  HIGHEST GUST SPEED    17   HIGHEST GUST DIRECTION     W (290)
  AVERAGE WIND SPEED     5.1


SKY COVER
  POSSIBLE SUNSHINE  MM
  AVERAGE SKY COVER 0.9


WEATHER CONDITIONS
 THE FOLLOWING WEATHER WAS RECORDED TODAY.
  HEAVY RAIN
  LIGHT RAIN
  FOG
  HAZE


RELATIVE HUMIDITY (PERCENT)
 HIGHEST    90          1000 AM
 LOWEST     46           400 PM
 AVERAGE    68

..........................................................


THE PARKERSBURG WV CLIMATE NORMALS FOR TOMORROW
                         NORMAL    RECORD    YEAR
 MAXIMUM TEMPERATURE (F)   67        94      1976
 MINIMUM TEMPERATURE (F)   43        28      1951


SUNRISE AND SUNSET
APRIL 17 2015.........SUNRISE   646 AM EDT   SUNSET   805 PM EDT
APRIL 18 2015.........SUNRISE   645 AM EDT   SUNSET   806 PM EDT


-  INDICATES NEGATIVE NUMBERS.
R  INDICATES RECORD WAS SET OR TIED.
MM INDICATES DATA IS MISSING.
T  INDICATES TRACE AMOUNT.




$$
