000
CDUS45 KPUB 041045
CLIPUB


CLIMATE REPORT
NATIONAL WEATHER SERVICE PUEBLO
445 AM MDT MON MAY 4 2015


...................................

...THE PUEBLO CO CLIMATE SUMMARY FOR MAY 3 2015...

CLIMATE NORMAL PERIOD 1981 TO 2010
CLIMATE RECORD PERIOD 1888 TO 2015


WEATHER ITEM   OBSERVED TIME   RECORD YEAR NORMAL DEPARTURE LAST
                VALUE   (LST)  VALUE       VALUE  FROM      YEAR
                                                  NORMAL
..................................................................
TEMPERATURE (F)
 YESTERDAY
  MAXIMUM         81   1252 PM  92    1947  73      8       84
  MINIMUM         48    540 AM  23    2013  40      8       44
                                      2011
  AVERAGE         65                        56      9       64

PRECIPITATION (IN)
  YESTERDAY        0.00          1.39 1933   0.06  -0.06     0.00
  MONTH TO DATE    0.02                      0.16  -0.14     0.00
  SINCE MAR 1      2.01                      2.49  -0.48     2.82
  SINCE JAN 1      3.39                      3.14   0.25     3.55

SNOWFALL (IN)
  YESTERDAY        0.0           6.4  1990   0.0    0.0      0.0
  MONTH TO DATE    0.0                       0.1   -0.1      0.0
  SINCE MAR 1      1.7                       9.6   -7.9     10.7
  SINCE JUL 1     42.8                      31.4   11.4     29.3
  SNOW DEPTH       0

DEGREE DAYS
 HEATING
  YESTERDAY        0                         9     -9        1
  MONTH TO DATE    3                        28    -25       24
  SINCE MAR 1    991                      1165   -174     1076
  SINCE JUL 1   5013                      5468   -455     5281

 COOLING
  YESTERDAY        0                         0      0        0
  MONTH TO DATE    1                         0      1        0
  SINCE MAR 1      1                         2     -1        2
  SINCE JAN 1      1                         2     -1        2
..................................................................


WIND (MPH)
  HIGHEST WIND SPEED    29   HIGHEST WIND DIRECTION     N (20)
  HIGHEST GUST SPEED    36   HIGHEST GUST DIRECTION    NE (30)
  AVERAGE WIND SPEED    10.8


SKY COVER
  POSSIBLE SUNSHINE  MM
  AVERAGE SKY COVER 0.3


WEATHER CONDITIONS
 THE FOLLOWING WEATHER WAS RECORDED YESTERDAY.
  THUNDERSTORM


RELATIVE HUMIDITY (PERCENT)
 HIGHEST    80           300 AM
 LOWEST     16          1100 AM
 AVERAGE    48

..........................................................


THE PUEBLO CO CLIMATE NORMALS FOR TODAY
                         NORMAL    RECORD    YEAR
 MAXIMUM TEMPERATURE (F)   73        94      1947
 MINIMUM TEMPERATURE (F)   40        27      1990


SUNRISE AND SUNSET
MAY  4 2015...........SUNRISE   558 AM MDT   SUNSET   752 PM MDT
MAY  5 2015...........SUNRISE   557 AM MDT   SUNSET   753 PM MDT


-  INDICATES NEGATIVE NUMBERS.
R  INDICATES RECORD WAS SET OR TIED.
MM INDICATES DATA IS MISSING.
T  INDICATES TRACE AMOUNT.




$$
