000
CDUS46 KSTO 070042
CLIRDD

CLIMATE REPORT
NATIONAL WEATHER SERVICE SACRAMENTO, CA
540 PM PDT WED MAY 6 2015


...................................

...THE REDDING AIRPORT CA CLIMATE SUMMARY FOR MAY 6 2015...
VALID TODAY AS OF 0500 PM LOCAL TIME.

CLIMATE NORMAL PERIOD 1981 TO 2010
CLIMATE RECORD PERIOD 1986 TO 2015


WEATHER ITEM   OBSERVED RECORD YEAR NORMAL DEPARTURE LAST
                VALUE   VALUE       VALUE  FROM      YEAR
                                           NORMAL
...........................................................
TEMPERATURE (F)
 TODAY
  MAXIMUM         82    104    1987  77      5       77
  MINIMUM         60     42    1995  51      9       48
  AVERAGE         71

PRECIPITATION (IN)
  TODAY            0.00   0.52 1994   0.06  -0.06     0.00
  MONTH TO DATE    0.00               0.38  -0.38      T
  SINCE OCT 1     22.13              31.55  -9.42    16.23
  SINCE JAN 1      5.88              18.70 -12.82    14.12

SNOWFALL (IN)
  TODAY            0.0   MM      MM  MM               0.0
  MONTH TO DATE    0.0               MM               0.0
  SINCE MAR 1      0.0               MM               0.0
  SINCE JUL 1      0.0               MM               5.0

DEGREE DAYS
 HEATING
  TODAY            0

 COOLING
  TODAY            6
...........................................................


WIND (MPH)
  RESULTANT WIND SPEED  11   RESULTANT WIND DIRECTION   N (350)
  HIGHEST WIND SPEED    25   HIGHEST WIND DIRECTION     N (10)
  HIGHEST GUST SPEED    34   HIGHEST GUST DIRECTION     N (360)


SKY COVER
  POSSIBLE SUNSHINE  MM
  AVERAGE SKY COVER 0.1


WEATHER CONDITIONS
 THE FOLLOWING WEATHER WAS RECORDED TODAY.
  NO SIGNIFICANT WEATHER WAS OBSERVED.


RELATIVE HUMIDITY (PERCENT)
 HIGHEST    39
 LOWEST      5
 AVERAGE    22

..........................................................


THE REDDING AIRPORT CA CLIMATE NORMALS FOR TOMORROW
                         NORMAL    RECORD    YEAR
 MAXIMUM TEMPERATURE (F)   78       101      1987
 MINIMUM TEMPERATURE (F)   51        39      2010


SUNRISE AND SUNSET
MAY  6 2015...........SUNRISE   602 AM PDT   SUNSET   810 PM PDT
MAY  7 2015...........SUNRISE   601 AM PDT   SUNSET   811 PM PDT


-  INDICATES NEGATIVE NUMBERS.
R  INDICATES RECORD WAS SET OR TIED.
MM INDICATES DATA IS MISSING.
T  INDICATES TRACE AMOUNT.

&&
....................................................................

REDDING CITY CLIMATE DATA FOR MAY 06

CLIMATE RECORD PERIOD 1897-1986

RECORD HIGH..............     97 IN 1969
RECORD LOW...............     36 IN 1986

RECORD RAINFALL..........   0.63 IN 1961

$$
