000
CDUS42 KRAH 040529
CLIRDU

CLIMATE REPORT
NATIONAL WEATHER SERVICE RALEIGH NC
125 AM EDT MON MAY 4 2015


...................................

...THE RALEIGH-DURHAM INTL AIRPORT NC CLIMATE SUMMARY FOR MAY 3 2015...

CLIMATE NORMAL PERIOD 1981 TO 2010
CLIMATE RECORD PERIOD 1887 TO 2015


WEATHER ITEM   OBSERVED TIME   RECORD YEAR NORMAL DEPARTURE LAST
                VALUE   (LST)  VALUE       VALUE  FROM      YEAR
                                                  NORMAL
..................................................................
TEMPERATURE (F)
 YESTERDAY
  MAXIMUM         79    333 PM  93    1959  77      2       76
  MINIMUM         47    533 AM  37    1978  53     -6       53
  AVERAGE         63                        65     -2       65

PRECIPITATION (IN)
  YESTERDAY        0.00          1.95 1972   0.09  -0.09     0.00
  MONTH TO DATE    0.58                      0.26   0.32     0.00
  SINCE MAR 1      9.12                      7.29   1.83    10.29
  SINCE JAN 1     15.38                     14.02   1.36    15.25

DEGREE DAYS
 HEATING
  YESTERDAY        2                         3     -1        0
  MONTH TO DATE   16                        10      6        5
  SINCE MAR 1    583                       627    -44      755
  SINCE JUL 1   3480                      3199    281     3456

 COOLING
  YESTERDAY        0                         3     -3        0
  MONTH TO DATE    0                         9     -9        6
  SINCE MAR 1     56                        69    -13       37
  SINCE JAN 1     56                        70    -14       37
..................................................................


WIND (MPH)
  HIGHEST WIND SPEED    12   HIGHEST WIND DIRECTION     S (200)
  HIGHEST GUST SPEED    15   HIGHEST GUST DIRECTION    SW (210)
  AVERAGE WIND SPEED     2.7


SKY COVER
  POSSIBLE SUNSHINE  MM
  AVERAGE SKY COVER 0.4


WEATHER CONDITIONS
 THE FOLLOWING WEATHER WAS RECORDED YESTERDAY.
  FOG


RELATIVE HUMIDITY (PERCENT)
 HIGHEST    93           100 AM
 LOWEST     31           200 PM
 AVERAGE    62

..........................................................


THE RALEIGH-DURHAM INTL AIRPORT NC CLIMATE NORMALS FOR TODAY
                         NORMAL    RECORD    YEAR
 MAXIMUM TEMPERATURE (F)   77        94      1938
                                             1913
 MINIMUM TEMPERATURE (F)   53        34      1971


SUNRISE AND SUNSET
MAY  4 2015...........SUNRISE   620 AM EDT   SUNSET   804 PM EDT
MAY  5 2015...........SUNRISE   619 AM EDT   SUNSET   805 PM EDT


-  INDICATES NEGATIVE NUMBERS.
R  INDICATES RECORD WAS SET OR TIED.
MM INDICATES DATA IS MISSING.
T  INDICATES TRACE AMOUNT.

&&

CLIMATE REPORT
NWS FORECAST OFFICE
NCSU CENTENNIAL CAMPUS RALEIGH, NC

MAXIMUM TEMPERATURE... 80

MINIMUM TEMPERATURE... 50

PRECIPITATION... 0.00

$$
