000
CDUS45 KRIW 050031
CLIRIW


CLIMATE REPORT
NATIONAL WEATHER SERVICE RIVERTON WY
629 PM MDT MON MAY 4 2015


...................................

...THE RIVERTON WY CLIMATE SUMMARY FOR MAY 4 2015...
VALID TODAY AS OF 0500 PM LOCAL TIME.

CLIMATE NORMAL PERIOD 1981 TO 2010
CLIMATE RECORD PERIOD 1995 TO 2015


WEATHER ITEM   OBSERVED TIME   RECORD YEAR NORMAL DEPARTURE LAST
                VALUE   (LST)  VALUE       VALUE  FROM      YEAR
                                                  NORMAL
..................................................................
TEMPERATURE (F)
 TODAY
  MAXIMUM         70        MM  82    2000  63      7       75
  MINIMUM         43        MM  27    2002  37      6       38
  AVERAGE         57                        50      7       57

PRECIPITATION (IN)
  TODAY            0.00          0.25 2007   0.06  -0.06     0.00
  MONTH TO DATE    0.00                      0.23  -0.23     0.00
  SINCE MAR 1      1.23                      2.08  -0.85     0.72
  SINCE JAN 1      2.30                      2.59  -0.29     1.62

SNOWFALL (IN)
  TODAY            0.0                                       0.0
  MONTH TO DATE    0.0                                       0.0
  SINCE MAR 1     10.0                                       3.9
  SINCE JUL 1     38.6                                      53.1
  SNOW DEPTH       0

DEGREE DAYS
 HEATING
  TODAY            8                        15     -7        8
  MONTH TO DATE   30                        62    -32       37
  SINCE MAR 1   1395                      1604   -209     1572
  SINCE JUL 1   6788                      7458   -670     7453

 COOLING
  TODAY            0                         0      0        0
  MONTH TO DATE    0                         0      0        0
  SINCE MAR 1      0                         0      0        0
  SINCE JAN 1      0                         0      0        0
..................................................................


WIND (MPH)
  HIGHEST WIND SPEED    10   HIGHEST WIND DIRECTION     N (350)
  HIGHEST GUST SPEED    MM   HIGHEST GUST DIRECTION    MM
  AVERAGE WIND SPEED     5.6


SKY COVER
  POSSIBLE SUNSHINE  MM
  AVERAGE SKY COVER 0.3


WEATHER CONDITIONS
 THE FOLLOWING WEATHER WAS RECORDED TODAY.
  NO SIGNIFICANT WEATHER WAS OBSERVED.


RELATIVE HUMIDITY (PERCENT)
 HIGHEST    83           400 AM
 LOWEST     26           400 PM
 AVERAGE    55

..........................................................


THE RIVERTON WY CLIMATE NORMALS FOR TOMORROW
                         NORMAL    RECORD    YEAR
 MAXIMUM TEMPERATURE (F)   64        83      2000
 MINIMUM TEMPERATURE (F)   37        24      2010


SUNRISE AND SUNSET
MAY  4 2015...........SUNRISE   604 AM MDT   SUNSET   818 PM MDT
MAY  5 2015...........SUNRISE   602 AM MDT   SUNSET   819 PM MDT


-  INDICATES NEGATIVE NUMBERS.
R  INDICATES RECORD WAS SET OR TIED.
MM INDICATES DATA IS MISSING.
T  INDICATES TRACE AMOUNT.




$$
