000
CDUS45 KRIW 260740
CLIRKS


CLIMATE REPORT
NATIONAL WEATHER SERVICE RIVERTON WY
136 AM MDT SUN APR 26 2015


...................................

...THE ROCK SPRINGS WY CLIMATE SUMMARY FOR APRIL 25 2015...

CLIMATE NORMAL PERIOD 1981 TO 2010
CLIMATE RECORD PERIOD 1948 TO 2015


WEATHER ITEM   OBSERVED TIME   RECORD YEAR NORMAL DEPARTURE LAST
                VALUE   (LST)  VALUE       VALUE  FROM      YEAR
                                                  NORMAL
..................................................................
TEMPERATURE (F)
 YESTERDAY
  MAXIMUM         53    246 PM  74    1987  57     -4       68
  MINIMUM         35    548 AM  20    1950  32      3       35
  AVERAGE         44                        44      0       52

PRECIPITATION (IN)
  YESTERDAY        T             0.58 2009   0.04  -0.04      T
  MONTH TO DATE    0.39                      0.73  -0.34     0.17
  SINCE MAR 1      0.61                      1.41  -0.80     0.60
  SINCE JAN 1      0.70                      2.34  -1.64     0.75

DEGREE DAYS
 HEATING
  YESTERDAY       21                        21      0       13
  MONTH TO DATE  594                       603     -9      528
  SINCE MAR 1   1367                      1580   -213     1414
  SINCE JUL 1   6480                      7432   -952     6866

 COOLING
  YESTERDAY        0                         0      0        0
  MONTH TO DATE    0                         0      0        0
  SINCE MAR 1      0                         0      0        0
  SINCE JAN 1      0                         0      0        0
..................................................................


WIND (MPH)
  HIGHEST WIND SPEED    25   HIGHEST WIND DIRECTION     W (250)
  HIGHEST GUST SPEED    32   HIGHEST GUST DIRECTION     W (250)
  AVERAGE WIND SPEED    12.9


SKY COVER
  POSSIBLE SUNSHINE  MM
  AVERAGE SKY COVER 0.7


WEATHER CONDITIONS
 THE FOLLOWING WEATHER WAS RECORDED YESTERDAY.
  LIGHT RAIN


RELATIVE HUMIDITY (PERCENT)
 HIGHEST    92           400 AM
 LOWEST     32           200 PM
 AVERAGE    62

..........................................................


THE ROCK SPRINGS WY CLIMATE NORMALS FOR TODAY
                         NORMAL    RECORD    YEAR
 MAXIMUM TEMPERATURE (F)   57        77      1977
 MINIMUM TEMPERATURE (F)   32        15      1984


SUNRISE AND SUNSET
APRIL 26 2015.........SUNRISE   620 AM MDT   SUNSET   809 PM MDT
APRIL 27 2015.........SUNRISE   619 AM MDT   SUNSET   810 PM MDT


-  INDICATES NEGATIVE NUMBERS.
R  INDICATES RECORD WAS SET OR TIED.
MM INDICATES DATA IS MISSING.
T  INDICATES TRACE AMOUNT.




$$
