000
CDUS45 KREV 040845
CLIRNO


CLIMATE REPORT
NATIONAL WEATHER SERVICE RENO NV
144 AM PDT MON MAY 4 2015


...................................

...THE RENO TAHOE AIRPORT NV CLIMATE SUMMARY FOR MAY 3 2015...

CLIMATE NORMAL PERIOD 1981 TO 2010
CLIMATE RECORD PERIOD 1888 TO 2015


WEATHER ITEM   OBSERVED TIME   RECORD YEAR NORMAL DEPARTURE LAST
                VALUE   (LST)  VALUE       VALUE  FROM      YEAR
                                                  NORMAL
..................................................................
TEMPERATURE (F)
 YESTERDAY
  MAXIMUM         82    347 PM  89    2004  69     13       80
  MINIMUM         49    435 AM  20    1965  42      7       55
  AVERAGE         66                        56     10       68

PRECIPITATION (IN)
  YESTERDAY        0.00          0.34 1971   0.02  -0.02     0.00
  MONTH TO DATE    0.00                      0.05  -0.05     0.00
  SINCE OCT 1      3.27                      5.69  -2.42     2.42
  SINCE JAN 1      1.85                      3.33  -1.48     1.46

SNOWFALL (IN)
  YESTERDAY        0.0           2.6  1964   0.0    0.0      0.0
  MONTH TO DATE    0.0                       0.0    0.0      0.0
  SINCE MAR 1      T                         2.5   -2.5       T
  SINCE JUL 1      2.7                      21.5  -18.8      6.2
  SNOW DEPTH       0

DEGREE DAYS
 HEATING
  YESTERDAY        0                        10    -10        0
  MONTH TO DATE    0                        30    -30        1
  SINCE MAR 1    768                      1054   -286      825
  SINCE JUL 1   3633                      4692  -1059     4409

 COOLING
  YESTERDAY        1                         0      1        3
  MONTH TO DATE    3                         0      3        5
  SINCE MAR 1      3                         1      2        5
  SINCE JAN 1      3                         1      2        5
..................................................................


WIND (MPH)
  RESULTANT WIND SPEED   6   RESULTANT WIND DIRECTION  NW (310)
  HIGHEST WIND SPEED    24   HIGHEST WIND DIRECTION    NW (300)
  HIGHEST GUST SPEED    33   HIGHEST GUST DIRECTION    NW (310)
  AVERAGE WIND SPEED     7.0



WEATHER CONDITIONS
 THE FOLLOWING WEATHER WAS RECORDED YESTERDAY.
  NO SIGNIFICANT WEATHER WAS OBSERVED.


RELATIVE HUMIDITY (PERCENT)
 HIGHEST    52           400 AM
 LOWEST     11           300 PM
 AVERAGE    32

..........................................................


THE RENO TAHOE AIRPORT NV CLIMATE NORMALS FOR TODAY
                         NORMAL    RECORD    YEAR
 MAXIMUM TEMPERATURE (F)   70        87      1992
 MINIMUM TEMPERATURE (F)   42        24      1959


SUNRISE AND SUNSET
MAY  4 2015...........SUNRISE   557 AM PDT   SUNSET   756 PM PDT
MAY  5 2015...........SUNRISE   556 AM PDT   SUNSET   757 PM PDT


-  INDICATES NEGATIVE NUMBERS.
R  INDICATES RECORD WAS SET OR TIED.
MM INDICATES DATA IS MISSING.
T  INDICATES TRACE AMOUNT.




$$
