000
CDUS41 KRNK 262053
CLIROA


CLIMATE REPORT
NATIONAL WEATHER SERVICE BLACKSBURG VA
451 PM EDT SUN APR 26 2015


...................................

...THE ROANOKE VA CLIMATE SUMMARY FOR APRIL 26 2015...
VALID TODAY AS OF 0400 PM LOCAL TIME.

CLIMATE NORMAL PERIOD 1981 TO 2010
CLIMATE RECORD PERIOD 1912 TO 2015


WEATHER ITEM   OBSERVED TIME   RECORD YEAR NORMAL DEPARTURE LAST
                VALUE   (LST)  VALUE       VALUE  FROM      YEAR
                                                  NORMAL
..................................................................
TEMPERATURE (F)
 TODAY
  MAXIMUM         52    341 PM  93    1915  71    -19       81
  MINIMUM         42    638 AM  30    1972  48     -6       50
                                      1934
  AVERAGE         47                        60    -13       66

PRECIPITATION (IN)
  TODAY            0.26          5.01 1978   0.12   0.14     0.00
  MONTH TO DATE    4.68                      2.93   1.75     2.42
  SINCE MAR 1      9.00                      6.39   2.61     5.18
  SINCE JAN 1     12.92                     12.20   0.72    11.46

SNOWFALL (IN)
  TODAY            0.0
  MONTH TO DATE    0.0
  SINCE MAR 1      1.9
  SINCE JUL 1     21.7
  SNOW DEPTH       0

DEGREE DAYS
 HEATING
  TODAY           18                         7     11        0
  MONTH TO DATE  198                       251    -53      228
  SINCE MAR 1    742                       803    -61      878
  SINCE JUL 1   4171                      4008    163     4280

 COOLING
  TODAY            0                         1     -1        1
  MONTH TO DATE    6                        18    -12        9
  SINCE MAR 1      6                        23    -17        9
  SINCE JAN 1      6                        23    -17        9
..................................................................


WIND (MPH)
  HIGHEST WIND SPEED    12   HIGHEST WIND DIRECTION     N (10)
  HIGHEST GUST SPEED    14   HIGHEST GUST DIRECTION    NE (30)
  AVERAGE WIND SPEED     5.6


SKY COVER
  POSSIBLE SUNSHINE  MM
  AVERAGE SKY COVER 0.8


WEATHER CONDITIONS
 THE FOLLOWING WEATHER WAS RECORDED TODAY.
  RAIN
  LIGHT RAIN
  FOG


RELATIVE HUMIDITY (PERCENT)
 HIGHEST    96           300 AM
 LOWEST     71           300 PM
 AVERAGE    84

..........................................................


THE ROANOKE VA CLIMATE NORMALS FOR TOMORROW
                         NORMAL    RECORD    YEAR
 MAXIMUM TEMPERATURE (F)   71        95      1957
 MINIMUM TEMPERATURE (F)   48        28      1926


SUNRISE AND SUNSET
APRIL 26 2015.........SUNRISE   631 AM EDT   SUNSET   805 PM EDT
APRIL 27 2015.........SUNRISE   630 AM EDT   SUNSET   806 PM EDT


-  INDICATES NEGATIVE NUMBERS.
R  INDICATES RECORD WAS SET OR TIED.
MM INDICATES DATA IS MISSING.
T  INDICATES TRACE AMOUNT.




$$
