000
CDUS46 KMTR 030827
CLISJC


CLIMATE REPORT
NATIONAL WEATHER SERVICE SAN FRANCISCO BAY AREA
127 AM PDT SUN MAY 3 2015


...................................

...THE SAN JOSE AIRPORT CLIMATE SUMMARY FOR MAY 2 2015...

CLIMATE NORMAL PERIOD 1981 TO 2010
CLIMATE RECORD PERIOD 1893 TO 2015


WEATHER ITEM   OBSERVED TIME   RECORD YEAR NORMAL DEPARTURE LAST
                VALUE   (LST)  VALUE       VALUE  FROM      YEAR
                                                  NORMAL
..................................................................
TEMPERATURE (F)
 YESTERDAY
  MAXIMUM         74    100 PM  92    2013  73      1       84
                                      1996
  MINIMUM         51    524 AM  33    1894  51      0       54
  AVERAGE         63                        62      1       69

PRECIPITATION (IN)
  YESTERDAY        0.00          0.60 1905   0.02  -0.02     0.00
  MONTH TO DATE    0.00                      0.05  -0.05     0.00
  SINCE OCT 1     12.76                     14.24  -1.48     5.68
  SINCE JAN 1      2.81                      9.46  -6.65     4.78

SNOWFALL (IN)
  YESTERDAY        0.0                      MM     MM        0.0
  MONTH TO DATE    0.0                      MM     MM        0.0
  SINCE MAR 1      0.0                      MM     MM        0.0
  SINCE JUL 1      0.0                      MM     MM        0.0

DEGREE DAYS
 HEATING
  YESTERDAY        2                         4     -2        0
  MONTH TO DATE    2                         8     -6        0
  SINCE MAR 1    303                       449   -146      306
  SINCE JUL 1   1523                      1912   -389     1847

 COOLING
  YESTERDAY        0                         1     -1        4
  MONTH TO DATE    6                         2      4       14
  SINCE MAR 1     27                        21      6       42
  SINCE JAN 1     27                        21      6       42
..................................................................


WIND (MPH)
  RESULTANT WIND SPEED   2   RESULTANT WIND DIRECTION   W (290)
  HIGHEST WIND SPEED    16   HIGHEST WIND DIRECTION    NW (300)
  HIGHEST GUST SPEED    20   HIGHEST GUST DIRECTION    NW (300)
  AVERAGE WIND SPEED     6.8


SKY COVER
  POSSIBLE SUNSHINE  MM
  AVERAGE SKY COVER 0.2


WEATHER CONDITIONS
 THE FOLLOWING WEATHER WAS RECORDED YESTERDAY.
  NO SIGNIFICANT WEATHER WAS OBSERVED.


RELATIVE HUMIDITY (PERCENT)
 HIGHEST    83           300 AM
 LOWEST     46           100 PM
 AVERAGE    65

..........................................................


THE SAN JOSE AIRPORT CLIMATE NORMALS FOR TODAY
                         NORMAL    RECORD    YEAR
 MAXIMUM TEMPERATURE (F)   74        90      2013
                                             1992
 MINIMUM TEMPERATURE (F)   51        34      1894


SUNRISE AND SUNSET
MAY  3 2015...........SUNRISE   611 AM PDT   SUNSET   759 PM PDT
MAY  4 2015...........SUNRISE   610 AM PDT   SUNSET   800 PM PDT


-  INDICATES NEGATIVE NUMBERS.
R  INDICATES RECORD WAS SET OR TIED.
MM INDICATES DATA IS MISSING.
T  INDICATES TRACE AMOUNT.




$$
