000
CDCA42 TJSJ 050506
CLISJU


CLIMATE REPORT
NATIONAL WEATHER SERVICE SAN JUAN, PR
105 AM AST TUE MAY 5 2015


...................................

...THE SAN JUAN AREA/PR CLIMATE SUMMARY FOR MAY 4 2015...

CLIMATE NORMAL PERIOD 1981 TO 2010
CLIMATE RECORD PERIOD 1898 TO 2015


WEATHER ITEM   OBSERVED TIME   RECORD YEAR NORMAL DEPARTURE LAST
                VALUE   (LST)  VALUE       VALUE  FROM      YEAR
                                                  NORMAL
..................................................................
TEMPERATURE (F)
 YESTERDAY
  MAXIMUM         91    231 PM  95    1980  87      4       90
  MINIMUM         77   1227 AM  68    1962  76      1       78
  AVERAGE         84                        81      3       84

PRECIPITATION (IN)
  YESTERDAY        0.00          2.66 1913   0.20  -0.20     0.03
  MONTH TO DATE    T                         0.79  -0.79     0.12
  SINCE MAR 1      2.88                      7.42  -4.54     3.78
  SINCE JAN 1     11.11                     13.57  -2.46     9.82

SNOWFALL (IN)
  YESTERDAY        0.0                       0.0    0.0      0.0
  MONTH TO DATE    0.0                       0.0    0.0      0.0
  SINCE MAR 1      0.0                       0.0    0.0      0.0
  SINCE JUL 1      0.0                       0.0    0.0      0.0

DEGREE DAYS
 HEATING
  YESTERDAY        0                         0      0        0
  MONTH TO DATE    0                         0      0        0
  SINCE MAR 1      0                         0      0        0
  SINCE JUL 1      0                         0      0        0

 COOLING
  YESTERDAY       19                        16      3       19
  MONTH TO DATE   79                        64     15       78
  SINCE MAR 1   1012                       954     58     1085
  SINCE JAN 1   1852                      1705    147     1973
..................................................................


WIND (MPH)
  HIGHEST WIND SPEED    29   HIGHEST WIND DIRECTION     E (90)
  HIGHEST GUST SPEED    35   HIGHEST GUST DIRECTION     E (80)
  AVERAGE WIND SPEED    14.0


SKY COVER
  AVERAGE SKY COVER 0.3


WEATHER CONDITIONS
 THE FOLLOWING WEATHER WAS RECORDED YESTERDAY.
  NO SIGNIFICANT WEATHER WAS OBSERVED.


RELATIVE HUMIDITY (PERCENT)
 HIGHEST    85
 LOWEST     56
 AVERAGE    71

..........................................................


THE SAN JUAN AREA/PR CLIMATE NORMALS FOR TODAY
                         NORMAL    RECORD    YEAR
 MAXIMUM TEMPERATURE (F)   87        96      1980
 MINIMUM TEMPERATURE (F)   76        66      1962


SUNRISE AND SUNSET
MAY  5 2015...........SUNRISE   555 AM AST   SUNSET   647 PM AST
MAY  6 2015...........SUNRISE   554 AM AST   SUNSET   647 PM AST


-  INDICATES NEGATIVE NUMBERS.
R  INDICATES RECORD WAS SET OR TIED.
MM INDICATES DATA IS MISSING.
T  INDICATES TRACE AMOUNT.




$$
