000
CDUS46 KMTR 040845
CLISNS


CLIMATE REPORT
NATIONAL WEATHER SERVICE SAN FRANCISCO BAY AREA
145 AM PDT MON MAY 4 2015


...................................

...THE SALINAS AIRPORT CLIMATE SUMMARY FOR MAY 3 2015...

CLIMATE NORMAL PERIOD 1981 TO 2010
CLIMATE RECORD PERIOD 1930 TO 2015


WEATHER ITEM   OBSERVED TIME   RECORD YEAR NORMAL DEPARTURE LAST
                VALUE   (LST)  VALUE       VALUE  FROM      YEAR
                                                  NORMAL
..................................................................
TEMPERATURE (F)
 YESTERDAY
  MAXIMUM         66    154 PM  88    2013  68     -2       65
  MINIMUM         56    802 AM  34    1933  49      7       51
  AVERAGE         61                        58      3       58

PRECIPITATION (IN)
  YESTERDAY        0.00          0.45 1932   0.01  -0.01     0.00
  MONTH TO DATE    0.00                      0.05  -0.05     0.00
  SINCE OCT 1      9.46                     12.24  -2.78     5.78
  SINCE JAN 1      1.47                      8.33  -6.86     4.95

DEGREE DAYS
 HEATING
  YESTERDAY        4                         7     -3        7
  MONTH TO DATE   12                        21     -9        8
  SINCE MAR 1    293                       596   -303      390
  SINCE JUL 1   1142                      2410  -1268     1822

 COOLING
  YESTERDAY        0                         0      0        0
  MONTH TO DATE    0                         0      0        7
  SINCE MAR 1     23                         7     16       21
  SINCE JAN 1     31                         7     24       23
..................................................................


WIND (MPH)
  RESULTANT WIND SPEED   7   RESULTANT WIND DIRECTION   W (290)
  HIGHEST WIND SPEED    20   HIGHEST WIND DIRECTION     W (290)
  HIGHEST GUST SPEED    26   HIGHEST GUST DIRECTION     W (290)
  AVERAGE WIND SPEED     7.9


SKY COVER
  POSSIBLE SUNSHINE  MM
  AVERAGE SKY COVER 0.6


WEATHER CONDITIONS
 THE FOLLOWING WEATHER WAS RECORDED YESTERDAY.
  NO SIGNIFICANT WEATHER WAS OBSERVED.


RELATIVE HUMIDITY (PERCENT)
 HIGHEST    72          1200 AM
 LOWEST     48          1100 AM
 AVERAGE    60

..........................................................


THE SALINAS AIRPORT CLIMATE NORMALS FOR TODAY
                         NORMAL    RECORD    YEAR
 MAXIMUM TEMPERATURE (F)   68        90      1935
 MINIMUM TEMPERATURE (F)   49        37      1952


SUNRISE AND SUNSET
MAY  4 2015...........SUNRISE   510 AM PST   SUNSET   657 PM PST
MAY  5 2015...........SUNRISE   509 AM PST   SUNSET   658 PM PST


-  INDICATES NEGATIVE NUMBERS.
R  INDICATES RECORD WAS SET OR TIED.
MM INDICATES DATA IS MISSING.
T  INDICATES TRACE AMOUNT.




$$
