000
CDUS42 KJAX 250531
CLISSI


CLIMATE REPORT
NATIONAL WEATHER SERVICE JACKSONVILLE FL
131 AM EDT SAT APR 25 2015


...................................

...THE ST SIMONS ISLAND CLIMATE SUMMARY FOR APRIL 24 2015...

CLIMATE NORMAL PERIOD 1981 TO 2010
CLIMATE RECORD PERIOD 1948 TO 2015


WEATHER ITEM   OBSERVED TIME   RECORD YEAR NORMAL DEPARTURE LAST
                VALUE   (LST)  VALUE       VALUE  FROM      YEAR
                                                  NORMAL
..................................................................
TEMPERATURE (F)
 YESTERDAY
  MAXIMUM         71   1005 AM  93    1999  77     -6       78
  MINIMUM         64    735 AM  47    1986  60      4       62
  AVERAGE         68                        68      0       70

PRECIPITATION (IN)
  YESTERDAY        0.00          1.43 2000   0.07  -0.07     0.00
  MONTH TO DATE    3.27                      2.10   1.17     7.92
  SINCE MAR 1      5.64                      5.98  -0.34    10.46
  SINCE JAN 1     11.36                     12.67  -1.31    16.94

SNOWFALL (IN)
  YESTERDAY        0.0           0.0    MM                   0.0
  MONTH TO DATE    0.0                                       0.0
  SINCE MAR 1      0.0                                       0.0
  SINCE JUL 1      0.0                                        T
  SNOW DEPTH       0

DEGREE DAYS
 HEATING
  YESTERDAY        0                         1     -1        0
  MONTH TO DATE    0                        51    -51       37
  SINCE MAR 1    114                       228   -114      265
  SINCE JUL 1   1494                      1479     15     1493

 COOLING
  YESTERDAY        3                         5     -2        5
  MONTH TO DATE  142                        72     70       62
  SINCE MAR 1    172                       103     69       76
  SINCE JAN 1    178                       112     66       84
..................................................................


WIND (MPH)
  HIGHEST WIND SPEED    20   HIGHEST WIND DIRECTION    NE (50)
  HIGHEST GUST SPEED    27   HIGHEST GUST DIRECTION    NE (40)
  AVERAGE WIND SPEED     9.9


SKY COVER
  POSSIBLE SUNSHINE  MM
  AVERAGE SKY COVER 0.1


WEATHER CONDITIONS
 THE FOLLOWING WEATHER WAS RECORDED YESTERDAY.
  NO SIGNIFICANT WEATHER WAS OBSERVED.


RELATIVE HUMIDITY (PERCENT)
 HIGHEST    87           100 AM
 LOWEST     40          1000 AM
 AVERAGE    64

..........................................................


THE ST SIMONS ISLAND CLIMATE NORMALS FOR TODAY
                         NORMAL    RECORD    YEAR
 MAXIMUM TEMPERATURE (F)   77        90      2002
 MINIMUM TEMPERATURE (F)   60        45      2005


SUNRISE AND SUNSET
APRIL 25 2015.........SUNRISE   647 AM EDT   SUNSET   800 PM EDT
APRIL 26 2015.........SUNRISE   646 AM EDT   SUNSET   801 PM EDT


-  INDICATES NEGATIVE NUMBERS.
R  INDICATES RECORD WAS SET OR TIED.
MM INDICATES DATA IS MISSING.
T  INDICATES TRACE AMOUNT.




$$
