000
CDUS43 KEAX 271232
CLISTJ


CLIMATE REPORT
NATIONAL WEATHER SERVICE KANSAS CITY/PLEASANT HILL MO
732 AM CDT MON APR 27 2015


...................................

...THE ST. JOSEPH MO CLIMATE SUMMARY FOR APRIL 27 2015...
VALID AS OF 0700 AM LOCAL TIME.

CLIMATE NORMAL PERIOD 1981 TO 2010
CLIMATE RECORD PERIOD 1892 TO 2015


WEATHER ITEM   OBSERVED TIME   RECORD YEAR NORMAL DEPARTURE LAST
                VALUE   (LST)  VALUE       VALUE  FROM      YEAR
                                                  NORMAL
..................................................................
TEMPERATURE (F)
 TODAY
  MAXIMUM         50   1229 AM  93    1989  69    -19       75
  MINIMUM         38    526 AM  30    1967  46     -8       57
  AVERAGE         44                        58    -14       66

PRECIPITATION (IN)
  TODAY            0.00          1.38 1986   0.17  -0.17     0.43
  MONTH TO DATE    2.85                      3.24  -0.39     3.81
  SINCE MAR 1      4.18                      5.49  -1.31     4.22
  SINCE JAN 1      5.93                      6.98  -1.05     5.04

DEGREE DAYS
 HEATING
  TODAY           21                         8     13        0
  MONTH TO DATE  261                       322    -61      338
  SINCE MAR 1    868                      1007   -139     1164
  SINCE JUL 1   5392                      5315     77     6104

 COOLING
  TODAY            0                         1     -1        1
  MONTH TO DATE    4                        20    -16        8
  SINCE MAR 1      5                        22    -17        8
  SINCE JAN 1      5                        22    -17        8
..................................................................


WIND (MPH)
  HIGHEST WIND SPEED    12   HIGHEST WIND DIRECTION    NE (60)
  HIGHEST GUST SPEED    14   HIGHEST GUST DIRECTION    NE (50)
  AVERAGE WIND SPEED     6.6


SKY COVER
  AVERAGE SKY COVER 0.0


WEATHER CONDITIONS
 THE FOLLOWING WEATHER WAS RECORDED TODAY.
  NO SIGNIFICANT WEATHER WAS OBSERVED.


RELATIVE HUMIDITY (PERCENT)
 HIGHEST    79           500 AM
 LOWEST     50          1200 AM
 AVERAGE    65

..........................................................


THE ST. JOSEPH MO CLIMATE NORMALS FOR TOMORROW
                         NORMAL    RECORD    YEAR
 MAXIMUM TEMPERATURE (F)   69        96      1970
 MINIMUM TEMPERATURE (F)   47        28      1965


SUNRISE AND SUNSET
APRIL 27 2015.........SUNRISE   626 AM CDT   SUNSET   810 PM CDT
APRIL 28 2015.........SUNRISE   624 AM CDT   SUNSET   811 PM CDT


-  INDICATES NEGATIVE NUMBERS.
R  INDICATES RECORD WAS SET OR TIED.
MM INDICATES DATA IS MISSING.
T  INDICATES TRACE AMOUNT.




$$
