000
CDUS43 KLSX 062238
CLISTL


CLIMATE REPORT
NATIONAL WEATHER SERVICE ST LOUIS MO
538 PM CDT WED MAY 6 2015


...................................

...THE ST. LOUIS CLIMATE SUMMARY FOR MAY 6 2015...
VALID TODAY AS OF 0500 PM LOCAL TIME.

CLIMATE NORMAL PERIOD 1981 TO 2010
CLIMATE RECORD PERIOD 1874 TO 2015


WEATHER ITEM   OBSERVED TIME   RECORD YEAR NORMAL DEPARTURE LAST
                VALUE   (LST)  VALUE       VALUE  FROM      YEAR
                                                  NORMAL
..................................................................
TEMPERATURE (F)
 TODAY
  MAXIMUM         87    257 PM  92    2012  74     13       87
  MINIMUM         67    530 AM  34    1944  54     13       58
  AVERAGE         77                        64     13       73

PRECIPITATION (IN)
  TODAY            0.00          2.10 1900   0.15  -0.15     0.00
  MONTH TO DATE    0.01                      0.86  -0.85      T
  SINCE MAR 1      8.43                      7.87   0.56     9.93
  SINCE JAN 1     11.38                     12.51  -1.13    13.08

SNOWFALL (IN)
  TODAY            0.0           T    1944   0.0    0.0      0.0
  MONTH TO DATE    0.0                       0.0    0.0      0.0
  SINCE MAR 1      0.6                       2.7   -2.1      1.6
  SINCE JUL 1     16.8                      17.7   -0.9     28.8
  SNOW DEPTH       0

DEGREE DAYS
 HEATING
  TODAY            0                         4     -4        0
  MONTH TO DATE    7                        25    -18       24
  SINCE MAR 1    737                       883   -146      935
  SINCE JUL 1   4539                      4481     58     4972

 COOLING
  TODAY           12                         2     10        8
  MONTH TO DATE   48                        12     36       19
  SINCE MAR 1     73                        58     15       56
  SINCE JAN 1     73                        58     15       56
..................................................................


WIND (MPH)
  HIGHEST WIND SPEED    25   HIGHEST WIND DIRECTION     S (160)
  HIGHEST GUST SPEED    36   HIGHEST GUST DIRECTION     S (160)
  AVERAGE WIND SPEED    10.4


SKY COVER
  AVERAGE SKY COVER 0.5



RELATIVE HUMIDITY (PERCENT)
 HIGHEST    68           500 AM
 LOWEST     27           200 PM
 AVERAGE    48

..........................................................


THE ST. LOUIS CLIMATE NORMALS FOR TOMORROW
                         NORMAL    RECORD    YEAR
 MAXIMUM TEMPERATURE (F)   74        92      1940
 MINIMUM TEMPERATURE (F)   54        35      1976


SUNRISE AND SUNSET
MAY  6 2015...........SUNRISE   559 AM CDT   SUNSET   758 PM CDT
MAY  7 2015...........SUNRISE   557 AM CDT   SUNSET   759 PM CDT


-  INDICATES NEGATIVE NUMBERS.
R  INDICATES RECORD WAS SET OR TIED.
MM INDICATES DATA IS MISSING.
T  INDICATES TRACE AMOUNT.




$$
