000
CDUS43 KFSD 012223
CLISUX


CLIMATE REPORT
NATIONAL WEATHER SERVICE SIOUX FALLS SD
523 PM CDT WED APR 1 2015


...................................

...THE SIOUX CITY IA CLIMATE SUMMARY FOR APRIL 1 2015...
VALID TODAY AS OF 0500 PM LOCAL TIME.

CLIMATE NORMAL PERIOD 1981 TO 2010
CLIMATE RECORD PERIOD 1889 TO 2015


WEATHER ITEM   OBSERVED TIME   RECORD YEAR NORMAL DEPARTURE LAST
                VALUE   (LST)  VALUE       VALUE  FROM      YEAR
                                                  NORMAL
..................................................................
TEMPERATURE (F)
 TODAY
  MAXIMUM         86    312 PM  93    2012  56     30       38
  MINIMUM         46    245 AM   8    1924  31     15       20
  AVERAGE         66                        44     22       29

PRECIPITATION (IN)
  TODAY            0.00          1.38 1960   0.08  -0.08      T
  MONTH TO DATE    0.00                      0.08  -0.08      T
  SINCE MAR 1      0.88                      2.08  -1.20     0.38
  SINCE JAN 1      1.84                      3.37  -1.53     1.15

SNOWFALL (IN)
  TODAY            0.0           4.5  1895   0.1   -0.1       T
  MONTH TO DATE    0.0                       0.1   -0.1       T
  SINCE MAR 1      T                         6.6   -6.6      4.7
  SINCE JUL 1     21.5                      33.1  -11.6     18.5
  SNOW DEPTH       0

DEGREE DAYS
 HEATING
  TODAY            0                        22    -22       36
  MONTH TO DATE    0                        22    -22       36
  SINCE MAR 1    707                       906   -199     1016
  SINCE JUL 1   5873                      6200   -327     6620

 COOLING
  TODAY            1                         0      1        0
  MONTH TO DATE    1                         0      1        0
  SINCE MAR 1      1                         0      1        0
  SINCE JAN 1      1                         0      1        0
..................................................................


WIND (MPH)
  HIGHEST WIND SPEED    36   HIGHEST WIND DIRECTION     S (180)
  HIGHEST GUST SPEED    46   HIGHEST GUST DIRECTION     S (180)
  AVERAGE WIND SPEED    18.9


SKY COVER
  POSSIBLE SUNSHINE  MM
  AVERAGE SKY COVER 0.0


WEATHER CONDITIONS
 THE FOLLOWING WEATHER WAS RECORDED TODAY.
  NO SIGNIFICANT WEATHER WAS OBSERVED.


RELATIVE HUMIDITY (PERCENT)
 HIGHEST    50           300 AM
 LOWEST     23           200 PM
 AVERAGE    37

..........................................................


THE SIOUX CITY IA CLIMATE NORMALS FOR TOMORROW
                         NORMAL    RECORD    YEAR
 MAXIMUM TEMPERATURE (F)   56        92      2012
 MINIMUM TEMPERATURE (F)   31         9      1975


SUNRISE AND SUNSET
APRIL  1 2015.........SUNRISE   708 AM CDT   SUNSET   751 PM CDT
APRIL  2 2015.........SUNRISE   707 AM CDT   SUNSET   752 PM CDT


-  INDICATES NEGATIVE NUMBERS.
R  INDICATES RECORD WAS SET OR TIED.
MM INDICATES DATA IS MISSING.
T  INDICATES TRACE AMOUNT.




$$
