000
CDUS44 KBMX 020645
CLITCL


CLIMATE REPORT
NATIONAL WEATHER SERVICE BIRMINGHAM, AL
142 AM CDT THU APR 2 2015


...................................

...THE TUSCALOOSA CLIMATE SUMMARY FOR APRIL 1 2015...

CLIMATE NORMAL PERIOD 1994 TO 1994
CLIMATE RECORD PERIOD 1994 TO 2015


WEATHER ITEM   OBSERVED TIME   RECORD YEAR NORMAL DEPARTURE LAST
                VALUE   (LST)  VALUE       VALUE  FROM      YEAR
                                                  NORMAL
..................................................................
TEMPERATURE (F)
 YESTERDAY
  MAXIMUM         83    346 PM  87    1978  73     10       80
                                      1970
  MINIMUM         54    556 AM  29    1987  46      8       50
  AVERAGE         69                        60      9       65

PRECIPITATION (IN)
  YESTERDAY        0.26          0.86 1983   0.15   0.11     0.00
  MONTH TO DATE    0.26                      0.15   0.11     0.00
  SINCE MAR 1      3.70                      4.69  -0.99     5.28
  SINCE JAN 1     14.45                     15.36  -0.91    13.00

SNOWFALL (IN)
  YESTERDAY        0.0                       0.0    0.0
  MONTH TO DATE    0.0                       0.0    0.0
  SINCE MAR 1      T                         0.3   -0.3
  SINCE JUL 1      T                         0.7   -0.7

DEGREE DAYS
 HEATING
  YESTERDAY        0                         7     -7
  MONTH TO DATE    0                         7     -7
  SINCE MAR 1    215                       301    -86
  SINCE JUL 1   2510                      2391    119
..................................................................


WIND (MPH)
  HIGHEST WIND SPEED    23   HIGHEST WIND DIRECTION    NE (30)
  HIGHEST GUST SPEED    36   HIGHEST GUST DIRECTION    NE (30)
  AVERAGE WIND SPEED     3.6


SKY COVER
  AVERAGE SKY COVER 0.3


WEATHER CONDITIONS
 THE FOLLOWING WEATHER WAS RECORDED YESTERDAY.
  THUNDERSTORM
  RAIN
  LIGHT RAIN
  FOG
  FOG W/VISIBILITY <= 1/4 MILE


RELATIVE HUMIDITY (PERCENT)
 HIGHEST   100          1200 AM
 LOWEST     43           300 PM
 AVERAGE    72

..........................................................


THE TUSCALOOSA CLIMATE NORMALS FOR TODAY
                         NORMAL    RECORD    YEAR
 MAXIMUM TEMPERATURE (F)   73        88      2006
 MINIMUM TEMPERATURE (F)   47        30      1992


SUNRISE AND SUNSET
APRIL  2 2015.........SUNRISE   637 AM CDT   SUNSET   711 PM CDT
APRIL  3 2015.........SUNRISE   636 AM CDT   SUNSET   712 PM CDT


-  INDICATES NEGATIVE NUMBERS.
R  INDICATES RECORD WAS SET OR TIED.
MM INDICATES DATA IS MISSING.
T  INDICATES TRACE AMOUNT.




$$
