000
CDUS45 KCYS 280728
CLITOR


CLIMATE REPORT
NATIONAL WEATHER SERVICE CHEYENNE WY
128 AM MDT TUE APR 28 2015


...................................

...THE TORRINGTON WY AIRPORT CLIMATE SUMMARY FOR APRIL 27 2015...

CLIMATE NORMAL PERIOD 1981 TO 2010
CLIMATE RECORD PERIOD 1998 TO 2015


WEATHER ITEM   OBSERVED TIME   RECORD YEAR NORMAL DEPARTURE LAST
                VALUE   (LST)  VALUE       VALUE  FROM      YEAR
                                                  NORMAL
..................................................................
TEMPERATURE (F)
 YESTERDAY
  MAXIMUM         54    132 PM  82    2004  65    -11       50
                                      2001
  MINIMUM         41    929 PM  24    2010  36      5       33
                                      2008
  AVERAGE         48                        51     -3       42

PRECIPITATION (IN)
  YESTERDAY        0.02          0.57 2014   0.07  -0.05     0.57
  MONTH TO DATE    3.07                      1.45   1.62     1.11
  SINCE JAN 1      3.98                      2.80   1.18     2.71

DEGREE DAYS
 HEATING
  YESTERDAY       17                        14      3       23
  MONTH TO DATE  462                       504    -42      474
  SINCE MAR 1   1108                      1344   -236     1325
  SINCE JUL 1   5822                      6188   -366     6440

 COOLING
  YESTERDAY        0                         0      0        0
  MONTH TO DATE    0                         0      0        0
  SINCE MAR 1      0                         0      0        0
  SINCE JAN 1      0                         0      0        0
..................................................................


WIND (MPH)
  HIGHEST WIND SPEED    16   HIGHEST WIND DIRECTION    NW (320)
  HIGHEST GUST SPEED    20   HIGHEST GUST DIRECTION    NW (330)
  AVERAGE WIND SPEED     5.2


SKY COVER
  AVERAGE SKY COVER 0.8


WEATHER CONDITIONS
 THE FOLLOWING WEATHER WAS RECORDED YESTERDAY.
  LIGHT RAIN
  FOG


RELATIVE HUMIDITY (PERCENT)
 HIGHEST    96           400 AM
 LOWEST     63           100 PM
 AVERAGE    80

..........................................................


THE TORRINGTON WY AIRPORT CLIMATE NORMALS FOR TODAY
                         NORMAL    RECORD    YEAR
 MAXIMUM TEMPERATURE (F)   66        80      2010
                                             2007
                                             2001
 MINIMUM TEMPERATURE (F)   36        25      2008


SUNRISE AND SUNSET
APRIL 28 2015.........SUNRISE   557 AM MDT   SUNSET   752 PM MDT
APRIL 29 2015.........SUNRISE   555 AM MDT   SUNSET   753 PM MDT


-  INDICATES NEGATIVE NUMBERS.
R  INDICATES RECORD WAS SET OR TIED.
MM INDICATES DATA IS MISSING.
T  INDICATES TRACE AMOUNT.




$$
