000
CDUS42 KTBW 280829
CLITPA


CLIMATE REPORT
NATIONAL WEATHER SERVICE TAMPA BAY FL
427 AM EDT TUE APR 28 2015


...................................

...THE TAMPA CLIMATE SUMMARY FOR APRIL 27 2015...

CLIMATE NORMAL PERIOD 1981 TO 2010
CLIMATE RECORD PERIOD 1890 TO 2015


WEATHER ITEM   OBSERVED TIME   RECORD YEAR NORMAL DEPARTURE LAST
                VALUE   (LST)  VALUE       VALUE  FROM      YEAR
                                                  NORMAL
..................................................................
TEMPERATURE (F)
 YESTERDAY
  MAXIMUM         86    156 PM  92    1975  83      3       87
  MINIMUM         73   1159 PM  49    1977  65      8       70
  AVERAGE         80                        74      6       79

PRECIPITATION (IN)
  YESTERDAY        T             1.23 1928   0.05  -0.05     0.00
  MONTH TO DATE    3.87                      1.86   2.01     0.89
  SINCE MAR 1      4.90                      4.89   0.01     5.84
  SINCE JAN 1     13.20                      9.93   3.27    10.79

DEGREE DAYS
 HEATING
  YESTERDAY        0                         0      0        0
  MONTH TO DATE    0                         9     -9        0
  SINCE MAR 1     12                        65    -53       48
  SINCE JUL 1    467                       536    -69      444

 COOLING
  YESTERDAY       15                         9      6       14
  MONTH TO DATE  366                       191    175      186
  SINCE MAR 1    632                       317    315      264
  SINCE JAN 1    699                       430    269      368
..................................................................


WIND (MPH)
  RESULTANT WIND SPEED   7   RESULTANT WIND DIRECTION  NW (300)
  HIGHEST WIND SPEED    22   HIGHEST WIND DIRECTION     N (350)
  HIGHEST GUST SPEED    29   HIGHEST GUST DIRECTION     N (360)
  AVERAGE WIND SPEED     8.8


SKY COVER
  POSSIBLE SUNSHINE  MM
  AVERAGE SKY COVER 0.9


WEATHER CONDITIONS
 THE FOLLOWING WEATHER WAS RECORDED YESTERDAY.
  LIGHT RAIN


RELATIVE HUMIDITY (PERCENT)
 HIGHEST    91           200 AM
 LOWEST     51           200 PM
 AVERAGE    71

..........................................................


THE TAMPA CLIMATE NORMALS FOR TODAY
                         NORMAL    RECORD    YEAR
 MAXIMUM TEMPERATURE (F)   84        91      1996
                                             1991
 MINIMUM TEMPERATURE (F)   65        48      1978
                                             1977


SUNRISE AND SUNSET
APRIL 28 2015.........SUNRISE   653 AM EDT   SUNSET   803 PM EDT
APRIL 29 2015.........SUNRISE   652 AM EDT   SUNSET   803 PM EDT


-  INDICATES NEGATIVE NUMBERS.
R  INDICATES RECORD WAS SET OR TIED.
MM INDICATES DATA IS MISSING.
T  INDICATES TRACE AMOUNT.




$$


&&
------------------------------------------------------------------
******************** SUPPLEMENTAL DATA ***************************

...RUSKIN                HIGH 90    LOW 73    PCPN 0.00
...SARASOTA/BRADENTON    HIGH 88    LOW 73    PCPN 0.00
...ST. PETERSBURG        HIGH 86    LOW 74    PCPN TRACE
...GULF WATER TEMPERATURE AT CLEARWATER BEACH 80 DEGREES.
