000
CDUS46 KPQR 271142
CLITTD


CLIMATE REPORT
NATIONAL WEATHER SERVICE PORTLAND OREGON
441 AM PDT MON APR 27 2015


...................................

...THE TROUTDALE OR CLIMATE SUMMARY FOR APRIL 26 2015...

CLIMATE NORMAL PERIOD 1981 TO 2010
CLIMATE RECORD PERIOD 1948 TO 2015


WEATHER ITEM   OBSERVED TIME   RECORD YEAR NORMAL DEPARTURE LAST
                VALUE   (LST)  VALUE       VALUE  FROM      YEAR
                                                  NORMAL
..................................................................
TEMPERATURE (F)
 YESTERDAY
  MAXIMUM         62    347 PM  89    1987  64     -2       60
  MINIMUM         38    436 AM  32    1948  42     -4       44
  AVERAGE         50                        53     -3       52

PRECIPITATION (IN)
  YESTERDAY        T                         0.12  -0.12     0.08
  MONTH TO DATE    2.17                      3.39  -1.22     3.13
  SINCE OCT 1     27.49                     37.70 -10.21    22.34
  SINCE JAN 1     12.53                     19.30  -6.77    14.75

DEGREE DAYS
 HEATING
  YESTERDAY       15                        12      3       13
  MONTH TO DATE  349                       360    -11      299

 COOLING
  YESTERDAY        0                         0      0        0
  MONTH TO DATE    0                         0      0        0
..................................................................


WIND (MPH)
  HIGHEST WIND SPEED    10   HIGHEST WIND DIRECTION    SW (230)
  HIGHEST GUST SPEED    26   HIGHEST GUST DIRECTION    SW (220)
  AVERAGE WIND SPEED     2.8


SKY COVER
  POSSIBLE SUNSHINE  MM
  AVERAGE SKY COVER 0.7


WEATHER CONDITIONS
 THE FOLLOWING WEATHER WAS RECORDED YESTERDAY.
  LIGHT RAIN


RELATIVE HUMIDITY (PERCENT)
 HIGHEST    92           400 AM
 LOWEST     46           100 PM
 AVERAGE    69

..........................................................


THE TROUTDALE OR CLIMATE NORMALS FOR TODAY
                         NORMAL    RECORD    YEAR
 MAXIMUM TEMPERATURE (F)   64        84      1987
 MINIMUM TEMPERATURE (F)   42        31      1948


SUNRISE AND SUNSET
APRIL 27 2015.........SUNRISE   604 AM PDT   SUNSET   811 PM PDT
APRIL 28 2015.........SUNRISE   602 AM PDT   SUNSET   813 PM PDT


-  INDICATES NEGATIVE NUMBERS.
R  INDICATES RECORD WAS SET OR TIED.
MM INDICATES DATA IS MISSING.
T  INDICATES TRACE AMOUNT.




$$
