000
CDUS44 KTSA 191417
CLITUL

CLIMATE REPORT
NATIONAL WEATHER SERVICE TULSA OK
912 AM CDT SUN APR 19 2015

...................................

...THE TULSA OKLAHOMA CLIMATE SUMMARY FOR APRIL 19 2015...
VALID AS OF 0900 AM LOCAL TIME.

CLIMATE NORMAL PERIOD 1981 TO 2010
CLIMATE RECORD PERIOD 1882 TO 2015


WEATHER ITEM   OBSERVED TIME   RECORD YEAR NORMAL DEPARTURE LAST
                VALUE   (LST)  VALUE       VALUE  FROM      YEAR
                                                  NORMAL
..................................................................
TEMPERATURE (F)
 TODAY
  MAXIMUM         59    743 AM  94    1987  73    -14       79
  MINIMUM         55    531 AM  34    2013  50      5       48
                                      1953
  AVERAGE         57                        62     -5       64

PRECIPITATION (IN)
  TODAY            0.10          2.52 1917   0.13  -0.03     0.00
  MONTH TO DATE    2.98                      2.14   0.84     0.56
  SINCE MAR 1      6.69                      5.43   1.26     2.92
  SINCE JAN 1      9.01                      8.94   0.07     3.37

SNOWFALL (IN)
  TODAY            0.0                                       0.0
  MONTH TO DATE    0.0                                        T
  SINCE MAR 1      0.3                                       2.4
  SINCE JUL 1      8.5                                      12.4

DEGREE DAYS
 HEATING
  TODAY            8                         5      3        1
  MONTH TO DATE   74                       143    -69      164
  SINCE MAR 1    455                       581   -126      726
  SINCE JUL 1   3470                      3492    -22     4027

 COOLING
  TODAY            0                         2     -2        0
  MONTH TO DATE   53                        27     26       17
  SINCE MAR 1     66                        38     28       18
  SINCE JAN 1     66                        39     27       18
..................................................................


WIND (MPH)
  HIGHEST WIND SPEED    20   HIGHEST WIND DIRECTION     W (290)
  HIGHEST GUST SPEED    25   HIGHEST GUST DIRECTION     W (290)
  AVERAGE WIND SPEED     6.1


SKY COVER
  POSSIBLE SUNSHINE  MM
  AVERAGE SKY COVER 0.8


WEATHER CONDITIONS
 THE FOLLOWING WEATHER WAS RECORDED TODAY.
  LIGHT RAIN
  FOG


RELATIVE HUMIDITY (PERCENT)
 HIGHEST    93           300 AM
 LOWEST     87           100 AM
 AVERAGE    90

..........................................................


THE TULSA OKLAHOMA CLIMATE NORMALS FOR TOMORROW
                         NORMAL    RECORD    YEAR
 MAXIMUM TEMPERATURE (F)   73        92      1963
 MINIMUM TEMPERATURE (F)   51        32      1953


SUNRISE AND SUNSET
APRIL 19 2015.........SUNRISE   645 AM CDT   SUNSET   801 PM CDT
APRIL 20 2015.........SUNRISE   644 AM CDT   SUNSET   802 PM CDT


-  INDICATES NEGATIVE NUMBERS.
R  INDICATES RECORD WAS SET OR TIED.
MM INDICATES DATA IS MISSING.
T  INDICATES TRACE AMOUNT.


$$

&&
...........................................................

HOURLY TEMPERATURE DATA
 YESTERDAY
11AM NOON  1PM  2PM  3PM  4PM  5PM  6PM  7PM  8PM  9PM 10PM 11PM
  65   67   70   71   74   75   75   75   74   69   68   69   68

 TODAY
 MID  1AM  2AM  3AM  4AM  5AM  6AM  7AM  8AM  9AM
  59   59   59   56   56   55   56   56   56   58
...........................................................
ALL DATA MEASURED AT THE TULSA INTERNATIONAL AIRPORT...
EXCEPT SNOWFALL...WHICH IS MEASURED AT THE NWS OFFICE.
