000
CDUS44 KJAN 260838
CLITVR


CLIMATE REPORT
NATIONAL WEATHER SERVICE JACKSON MS
336 AM CDT SUN APR 26 2015


...................................

...THE VICKSBURG CLIMATE SUMMARY FOR APRIL 25 2015...

CLIMATE NORMAL PERIOD 1981 TO 2010
CLIMATE RECORD PERIOD 1948 TO 2015


WEATHER ITEM   OBSERVED TIME   RECORD YEAR NORMAL DEPARTURE LAST
                VALUE   (LST)  VALUE       VALUE  FROM      YEAR
                                                  NORMAL
..................................................................
TEMPERATURE (F)
 YESTERDAY
  MAXIMUM         84    416 PM  92    1999  78      6       79
  MINIMUM         66    612 AM  40    1983  56     10       56
  AVERAGE         75                        67      8       68

PRECIPITATION (IN)
  YESTERDAY        0.53          1.77 1964   0.15   0.38      T
  MONTH TO DATE    5.88                      4.18   1.70    12.21
  SINCE MAR 1     10.12                      9.21   0.91    18.14
  SINCE JAN 1     21.37                     19.55   1.82    23.56

SNOWFALL (IN)
  YESTERDAY        0.0

DEGREE DAYS
 HEATING
  YESTERDAY        0                         2     -2        0
  MONTH TO DATE   28                        93    -65       80
  SINCE MAR 1    251                       358   -107      448
  SINCE JUL 1   2509                      2334    175     2857

 COOLING
  YESTERDAY       10                         4      6        3
  MONTH TO DATE  122                        65     57       70
  SINCE MAR 1    144                        88     56       77
  SINCE JAN 1    144                        97     47       84
..................................................................


WIND (MPH)
  HIGHEST WIND SPEED    18   HIGHEST WIND DIRECTION     W (290)
  HIGHEST GUST SPEED    28   HIGHEST GUST DIRECTION     W (280)
  AVERAGE WIND SPEED     6.1


SKY COVER
  POSSIBLE SUNSHINE  MM
  AVERAGE SKY COVER 0.3


WEATHER CONDITIONS
 THE FOLLOWING WEATHER WAS RECORDED YESTERDAY.
  THUNDERSTORM
  HEAVY RAIN
  LIGHT RAIN
  FOG
  HAZE


RELATIVE HUMIDITY (PERCENT)
 HIGHEST    93           600 AM
 LOWEST     55           400 PM
 AVERAGE    74

..........................................................


THE VICKSBURG CLIMATE NORMALS FOR TODAY
                         NORMAL    RECORD    YEAR
 MAXIMUM TEMPERATURE (F)   79        89      2014
 MINIMUM TEMPERATURE (F)   56        42      1992


SUNRISE AND SUNSET
APRIL 26 2015.........SUNRISE   623 AM CDT   SUNSET   741 PM CDT
APRIL 27 2015.........SUNRISE   622 AM CDT   SUNSET   742 PM CDT


-  INDICATES NEGATIVE NUMBERS.
R  INDICATES RECORD WAS SET OR TIED.
MM INDICATES DATA IS MISSING.
T  INDICATES TRACE AMOUNT.




$$
