000
CDUS45 KBOI 010933
CLITWF


CLIMATE REPORT
NATIONAL WEATHER SERVICE BOISE ID
332 AM MDT WED APR 1 2015


...................................

...THE TWIN FALLS ID CLIMATE SUMMARY FOR MARCH 31 2015...

CLIMATE NORMAL PERIOD 1981 TO 2010
CLIMATE RECORD PERIOD 9999 TO 9999


WEATHER ITEM   OBSERVED TIME   NORMAL DEPARTURE LAST
                VALUE   (LST)  VALUE  FROM      YEAR
                                      NORMAL
......................................................
TEMPERATURE (F)
 YESTERDAY
  MAXIMUM         72    417 PM  57     15       53
  MINIMUM         41   1159 PM  33      8       33
  AVERAGE         57

PRECIPITATION (IN)
  YESTERDAY        0.00          0.04  -0.04     0.00
  MONTH TO DATE    0.23          1.04  -0.81     1.89
  SINCE OCT 1      4.62          6.08  -1.46     4.60
  SINCE JAN 1      1.62          2.83  -1.21     4.13

DEGREE DAYS
 HEATING
  YESTERDAY        8            20    -12       22
  MONTH TO DATE  490           721   -231      606
  SINCE MAR 1    490           722   -232      606
  SINCE JUL 1   4183          5289  -1106     4859

 COOLING
  YESTERDAY        0             0      0        0
  MONTH TO DATE    0             0      0        0
  SINCE MAR 1      0             0      0        0
  SINCE JAN 1      0             0      0        0
......................................................


WIND (MPH)
  HIGHEST WIND SPEED    44   HIGHEST WIND DIRECTION     W (270)
  HIGHEST GUST SPEED    49   HIGHEST GUST DIRECTION     W (270)
  AVERAGE WIND SPEED    18.0


SKY COVER
  AVERAGE SKY COVER 0.2


WEATHER CONDITIONS
 THE FOLLOWING WEATHER WAS RECORDED YESTERDAY.
  HAZE


RELATIVE HUMIDITY (PERCENT)
 HIGHEST    54           700 PM
 LOWEST     17          1200 AM
 AVERAGE    36

..........................................................




SUNRISE AND SUNSET
APRIL  1 2015.........SUNRISE   721 AM MDT   SUNSET   804 PM MDT
APRIL  2 2015.........SUNRISE   719 AM MDT   SUNSET   805 PM MDT


-  INDICATES NEGATIVE NUMBERS.
R  INDICATES RECORD WAS SET OR TIED.
MM INDICATES DATA IS MISSING.
T  INDICATES TRACE AMOUNT.




$$
