000
CDUS45 KBOI 040931
CLITWF


CLIMATE REPORT
NATIONAL WEATHER SERVICE BOISE ID
331 AM MDT MON MAY 4 2015


...................................

...THE TWIN FALLS ID CLIMATE SUMMARY FOR MAY 3 2015...

CLIMATE NORMAL PERIOD 1981 TO 2010
CLIMATE RECORD PERIOD 9999 TO 9999


WEATHER ITEM   OBSERVED TIME   NORMAL DEPARTURE LAST
                VALUE   (LST)  VALUE  FROM      YEAR
                                      NORMAL
......................................................
TEMPERATURE (F)
 YESTERDAY
  MAXIMUM         78    450 PM  66     12       85
  MINIMUM         52    551 AM  39     13       56
  AVERAGE         65

PRECIPITATION (IN)
  YESTERDAY        T             0.06  -0.06     0.00
  MONTH TO DATE    T             0.17  -0.17     0.00
  SINCE OCT 1      4.86          7.39  -2.53     5.42
  SINCE JAN 1      1.86          4.14  -2.28     4.95

DEGREE DAYS
 HEATING
  YESTERDAY        0            13    -13        0
  MONTH TO DATE    9            39    -30        5
  SINCE MAR 1    950          1270   -320     1076
  SINCE JUL 1   4643          5837  -1194     5329

 COOLING
  YESTERDAY        0             0      0        6
  MONTH TO DATE    0             0      0        8
  SINCE MAR 1      0             1     -1        8
  SINCE JAN 1      0             1     -1        8
......................................................


WIND (MPH)
  HIGHEST WIND SPEED    28   HIGHEST WIND DIRECTION     S (180)
  HIGHEST GUST SPEED    37   HIGHEST GUST DIRECTION     S (180)
  AVERAGE WIND SPEED     9.6


SKY COVER
  AVERAGE SKY COVER 0.1


WEATHER CONDITIONS
 THE FOLLOWING WEATHER WAS RECORDED YESTERDAY.
  NO SIGNIFICANT WEATHER WAS OBSERVED.


RELATIVE HUMIDITY (PERCENT)
 HIGHEST    49          1000 PM
 LOWEST     18           500 PM
 AVERAGE    34

..........................................................




SUNRISE AND SUNSET
MAY  4 2015...........SUNRISE   629 AM MDT   SUNSET   841 PM MDT
MAY  5 2015...........SUNRISE   628 AM MDT   SUNSET   842 PM MDT


-  INDICATES NEGATIVE NUMBERS.
R  INDICATES RECORD WAS SET OR TIED.
MM INDICATES DATA IS MISSING.
T  INDICATES TRACE AMOUNT.




$$
