000
CDUS46 KSEW 040830
CLIUIL


CLIMATE REPORT
NATIONAL WEATHER SERVICE SEATTLE WA
130 AM PDT MON MAY 4 2015


...................................

...THE QUILLAYUTE WA AIRPORT CLIMATE SUMMARY FOR MAY 3 2015...

CLIMATE NORMAL PERIOD 1981 TO 2010
CLIMATE RECORD PERIOD 1966 TO 2015


WEATHER ITEM   OBSERVED TIME   RECORD YEAR NORMAL DEPARTURE LAST
                VALUE   (LST)  VALUE       VALUE  FROM      YEAR
                                                  NORMAL
..................................................................
TEMPERATURE (F)
 YESTERDAY
  MAXIMUM         62    406 PM  83    1992  58      4       55
  MINIMUM         38    127 AM  32    2006  41     -3       48
                                      1980
  AVERAGE         50                        49      1       52

PRECIPITATION (IN)
  YESTERDAY        0.00          1.10 2014   0.20  -0.20     1.10
  MONTH TO DATE    0.01                      0.58  -0.57     1.20
  SINCE OCT 1     85.49                     83.22   2.27    66.71
  SINCE JAN 1     40.74                     44.22  -3.48    49.48

DEGREE DAYS
 HEATING
  YESTERDAY       15                        16     -1       13
  MONTH TO DATE   45                        48     -3       24
  SINCE MAR 1   1104                      1245   -141     1112
  SINCE JUL 1   4014                      5090  -1076     4306

 COOLING
  YESTERDAY        0                         0      0        0
  MONTH TO DATE    0                         0      0        2
  SINCE MAR 1      0                         0      0        4
  SINCE JAN 1      0                         0      0        4
..................................................................


WIND (MPH)
  RESULTANT WIND SPEED   2   RESULTANT WIND DIRECTION   W (250)
  HIGHEST WIND SPEED    13   HIGHEST WIND DIRECTION     W (270)
  HIGHEST GUST SPEED    16   HIGHEST GUST DIRECTION     W (260)
  AVERAGE WIND SPEED     4.4


SKY COVER
  AVERAGE SKY COVER 0.2


WEATHER CONDITIONS
 THE FOLLOWING WEATHER WAS RECORDED YESTERDAY.
  FOG
  FOG W/VISIBILITY <= 1/4 MILE


RELATIVE HUMIDITY (PERCENT)
 HIGHEST   100           200 AM
 LOWEST     51           300 PM
 AVERAGE    76

..........................................................


THE QUILLAYUTE WA AIRPORT CLIMATE NORMALS FOR TODAY
                         NORMAL    RECORD    YEAR
 MAXIMUM TEMPERATURE (F)   58        82      2013
 MINIMUM TEMPERATURE (F)   41        31      2011
                                             1969


SUNRISE AND SUNSET
MAY  4 2015...........SUNRISE   556 AM PDT   SUNSET   835 PM PDT
MAY  5 2015...........SUNRISE   554 AM PDT   SUNSET   837 PM PDT


-  INDICATES NEGATIVE NUMBERS.
R  INDICATES RECORD WAS SET OR TIED.
MM INDICATES DATA IS MISSING.
T  INDICATES TRACE AMOUNT.




$$
