000
CDUS46 KEKA 181218
CLIUKI


CLIMATE REPORT
NATIONAL WEATHER SERVICE EUREKA CA
518 AM PDT SAT APR 18 2015


...................................

...THE UKIAH CA CLIMATE SUMMARY FOR APRIL 17 2015...

CLIMATE NORMAL PERIOD 1981 TO 2010
CLIMATE RECORD PERIOD 1903 TO 2015


WEATHER ITEM   OBSERVED TIME   RECORD YEAR NORMAL DEPARTURE LAST
                VALUE   (LST)  VALUE       VALUE  FROM      YEAR
                                                  NORMAL
..................................................................
TEMPERATURE (F)
 YESTERDAY
  MAXIMUM         87    302 PM  95    1954  69     18       76
  MINIMUM         40    455 AM  30    1922  42     -2       47
  AVERAGE         64                        56      8       62

PRECIPITATION (IN)
  YESTERDAY        0.00          1.33 2000   0.09  -0.09     0.00
  MONTH TO DATE    1.41                      1.52  -0.11     1.08
  SINCE OCT 1     24.92                     33.97  -9.05    17.68
  SINCE JAN 1      7.15                     20.59 -13.44    16.34

SNOWFALL (IN)
  YESTERDAY        0.0          MM      MM  MM     MM       MM
  MONTH TO DATE    0.0                      MM     MM        0.0
  SINCE MAR 1      0.0                      MM     MM        0.0
  SINCE JUL 1      0.0                      MM     MM        0.0
  SNOW DEPTH       0

DEGREE DAYS
 HEATING
  YESTERDAY        1                        10     -9        3
  MONTH TO DATE  180                       192    -12       83
  SINCE MAR 1    375                       606   -231      375
  SINCE JUL 1   1889                      2839   -950     2382

 COOLING
  YESTERDAY        0                         0      0        0
  MONTH TO DATE    0                         0      0        6
  SINCE MAR 1      5                         0      5        6
  SINCE JAN 1      5                         0      5        6
..................................................................


WIND (MPH)
  HIGHEST WIND SPEED    14   HIGHEST WIND DIRECTION    NW (330)
  HIGHEST GUST SPEED    18   HIGHEST GUST DIRECTION    NW (330)
  AVERAGE WIND SPEED     1.8


SKY COVER
  AVERAGE SKY COVER 0.0


WEATHER CONDITIONS
 THE FOLLOWING WEATHER WAS RECORDED YESTERDAY.
  NO SIGNIFICANT WEATHER WAS OBSERVED.


RELATIVE HUMIDITY (PERCENT)
 HIGHEST    83
 LOWEST     17
 AVERAGE    50

..........................................................


THE UKIAH CA CLIMATE NORMALS FOR TODAY
                         NORMAL    RECORD    YEAR
 MAXIMUM TEMPERATURE (F)   69        93      1950
 MINIMUM TEMPERATURE (F)   43        30      1933


SUNRISE AND SUNSET
APRIL 18 2015.........SUNRISE   632 AM PDT   SUNSET   753 PM PDT
APRIL 19 2015.........SUNRISE   631 AM PDT   SUNSET   754 PM PDT


-  INDICATES NEGATIVE NUMBERS.
R  INDICATES RECORD WAS SET OR TIED.
MM INDICATES DATA IS MISSING.
T  INDICATES TRACE AMOUNT.




$$
