000
CDUS43 KSGF 062227
CLIUNO


CLIMATE REPORT
NATIONAL WEATHER SERVICE SPRINGFIELD MO
526 PM CDT WED MAY 6 2015


...................................

...THE WEST PLAINS MO CLIMATE SUMMARY FOR MAY 6 2015...
VALID TODAY AS OF 0500 PM LOCAL TIME.

CLIMATE NORMAL PERIOD 1981 TO 2010
CLIMATE RECORD PERIOD 1947 TO 2015


WEATHER ITEM   OBSERVED TIME   RECORD YEAR NORMAL DEPARTURE LAST
                VALUE   (LST)  VALUE       VALUE  FROM      YEAR
                                                  NORMAL
..................................................................
TEMPERATURE (F)
 TODAY
  MAXIMUM         80    310 PM  89    1949  75      5       83
  MINIMUM         55    548 AM  37    1957  51      4       56
                                      1991
                                      1992
  AVERAGE         68                        63      5       70

PRECIPITATION (IN)
  TODAY            0.00          2.42 1996   0.22  -0.22     0.00
  MONTH TO DATE    T                         1.27  -1.27     0.00
  SINCE MAR 1      5.36                     10.04  -4.68     7.32
  SINCE JAN 1     10.04                     15.60  -5.56     9.17

DEGREE DAYS
 COOLING
  TODAY            3                         2      1        5
  MONTH TO DATE   13                         8      5       19
  SINCE MAR 1     29                        36     -7       28
  SINCE JAN 1     29                        36     -7       28
..................................................................


WIND (MPH)
  HIGHEST WIND SPEED    17   HIGHEST WIND DIRECTION     S (160)
  HIGHEST GUST SPEED    24   HIGHEST GUST DIRECTION     S (160)


SKY COVER
  AVERAGE SKY COVER 0.2


WEATHER CONDITIONS
 THE FOLLOWING WEATHER WAS RECORDED TODAY.
  NO SIGNIFICANT WEATHER WAS OBSERVED.


RELATIVE HUMIDITY (PERCENT)
 HIGHEST    83           600 AM
 LOWEST     39           300 PM
 AVERAGE    61

..........................................................


THE WEST PLAINS MO CLIMATE NORMALS FOR TOMORROW
                         NORMAL    RECORD    YEAR
 MAXIMUM TEMPERATURE (F)   75        89      1952
 MINIMUM TEMPERATURE (F)   52        33      1992


SUNRISE AND SUNSET
MAY  6 2015...........SUNRISE   608 AM CDT   SUNSET   801 PM CDT
MAY  7 2015...........SUNRISE   607 AM CDT   SUNSET   802 PM CDT


-  INDICATES NEGATIVE NUMBERS.
R  INDICATES RECORD WAS SET OR TIED.
MM INDICATES DATA IS MISSING.
T  INDICATES TRACE AMOUNT.




$$
