000
CDUS46 KPQR 181142
CLIVUO


CLIMATE REPORT
NATIONAL WEATHER SERVICE PORTLAND OREGON
441 AM PDT SAT APR 18 2015


...................................

...THE VANCOUVER WA CLIMATE SUMMARY FOR APRIL 17 2015...

CLIMATE NORMAL PERIOD 1981 TO 2010
CLIMATE RECORD PERIOD 1891 TO 2015


WEATHER ITEM   OBSERVED TIME   RECORD YEAR NORMAL DEPARTURE LAST
                VALUE   (LST)  VALUE       VALUE  FROM      YEAR
                                                  NORMAL
..................................................................
TEMPERATURE (F)
 YESTERDAY
  MAXIMUM         73    435 PM  85    1939  62     11       55
  MINIMUM         39    549 AM  25    1977  43     -4       43
  AVERAGE         56                        52      4       49

PRECIPITATION (IN)
  YESTERDAY        0.00                      0.11  -0.11     0.31
  MONTH TO DATE    1.54                      1.75  -0.21     1.24
  SINCE OCT 1     28.63                     30.60  -1.97    20.12
  SINCE JAN 1     13.74                     14.85  -1.11    14.65

DEGREE DAYS
 HEATING
  YESTERDAY        9                                        16
  MONTH TO DATE  273                                       200
  SINCE JUL 1   3357                                      4182

 COOLING
  YESTERDAY        0                                         0
  MONTH TO DATE    0                                         0
  SINCE JAN 1      0                                         0
..................................................................


WIND (MPH)
  HIGHEST WIND SPEED    15   HIGHEST WIND DIRECTION     W (290)
  HIGHEST GUST SPEED    22   HIGHEST GUST DIRECTION     N (10)
  AVERAGE WIND SPEED     5.7


SKY COVER
  POSSIBLE SUNSHINE  MM
  AVERAGE SKY COVER 0.0


WEATHER CONDITIONS
 THE FOLLOWING WEATHER WAS RECORDED YESTERDAY.
  NO SIGNIFICANT WEATHER WAS OBSERVED.


RELATIVE HUMIDITY (PERCENT)
 HIGHEST    92           600 AM
 LOWEST     33           300 PM
 AVERAGE    63

..........................................................




SUNRISE AND SUNSET
APRIL 18 2015.........SUNRISE   620 AM PDT   SUNSET   801 PM PDT
APRIL 19 2015.........SUNRISE   618 AM PDT   SUNSET   802 PM PDT


-  INDICATES NEGATIVE NUMBERS.
R  INDICATES RECORD WAS SET OR TIED.
MM INDICATES DATA IS MISSING.
T  INDICATES TRACE AMOUNT.




$$
