000
CDUS46 KLOX 180903
CLIWJF


CLIMATE REPORT
NATIONAL WEATHER SERVICE LOS ANGELES/OXNARD CA
203 AM PDT SAT APR 18 2015


...................................

...THE LANCASTER FOX FIELD CA CLIMATE SUMMARY FOR APRIL 17 2015...

CLIMATE NORMAL PERIOD 1981 TO 2010
CLIMATE RECORD PERIOD 1948 TO 2015


WEATHER ITEM   OBSERVED TIME   RECORD YEAR NORMAL DEPARTURE
                VALUE   (LST)  VALUE       VALUE  FROM
                                                  NORMAL
...............................................................
TEMPERATURE (F)
 YESTERDAY
  MAXIMUM         80    422 PM  96    1954  73      7
  MINIMUM         39    554 AM  32    2009  45     -6
                                      1998
  AVERAGE         60                        59      1

PRECIPITATION (IN)
  YESTERDAY        0.00          1.63 2000   0.01  -0.01
  MONTH TO DATE    0.01                      0.24  -0.23
  SINCE OCT 1      4.33                      6.79  -2.46
  SINCE JAN 1      1.41                      4.66  -3.25

SNOWFALL (IN)
  YESTERDAY        0.0           0.0    MM
  MONTH TO DATE    0.0
  SINCE MAR 1      0.0
  SINCE JUL 1      0.0
  SNOW DEPTH       0

DEGREE DAYS
 HEATING
  YESTERDAY        5                               -2
  MONTH TO DATE  141                               -1
  SINCE MAR 1    359                             -151
  SINCE JUL 1   2228                             -575

 COOLING
  YESTERDAY        0                               -1
  MONTH TO DATE    2                               -6
  SINCE MAR 1      8                               -2
  SINCE JAN 1      8                               -2
...............................................................


WIND (MPH)
  HIGHEST WIND SPEED    25   HIGHEST WIND DIRECTION     W (260)
  HIGHEST GUST SPEED    30   HIGHEST GUST DIRECTION     W (260)
  AVERAGE WIND SPEED     7.1




RELATIVE HUMIDITY (PERCENT)
 HIGHEST    40
 LOWEST      8
 AVERAGE    24

..........................................................


THE LANCASTER FOX FIELD CA CLIMATE NORMALS FOR TODAY
                         NORMAL    RECORD    YEAR
 MAXIMUM TEMPERATURE (F)   74        93      1954
 MINIMUM TEMPERATURE (F)   45        31      2013


SUNRISE AND SUNSET
APRIL 18 2015.........SUNRISE   618 AM PDT   SUNSET   727 PM PDT
APRIL 19 2015.........SUNRISE   616 AM PDT   SUNSET   728 PM PDT


-  INDICATES NEGATIVE NUMBERS.
R  INDICATES RECORD WAS SET OR TIED.
MM INDICATES DATA IS MISSING.
T  INDICATES TRACE AMOUNT.




$$
