000
CDUS45 KRIW 050742
CLIWRL


CLIMATE REPORT
NATIONAL WEATHER SERVICE RIVERTON WY
142 AM MDT TUE MAY 5 2015


...................................

...THE WORLAND WY CLIMATE SUMMARY FOR MAY 4 2015...

CLIMATE NORMAL PERIOD 1981 TO 2010
CLIMATE RECORD PERIOD 1947 TO 2015


WEATHER ITEM   OBSERVED TIME   RECORD YEAR NORMAL DEPARTURE LAST
                VALUE   (LST)  VALUE       VALUE  FROM      YEAR
                                                  NORMAL
..................................................................
TEMPERATURE (F)
 YESTERDAY
  MAXIMUM         74    235 PM  91    1966  66      8       76
  MINIMUM         44    429 AM  21    1967  37      7       38
  AVERAGE         59                        52      7       57

PRECIPITATION (IN)
  YESTERDAY        0.00          0.97 1999   0.04  -0.04     0.00
  MONTH TO DATE    0.00                      0.17  -0.17     0.00
  SINCE MAR 1      0.35                      1.49  -1.14     0.69
  SINCE JAN 1      1.12                      1.91  -0.79     1.07

DEGREE DAYS
 HEATING
  YESTERDAY        6                        14     -8        8
  MONTH TO DATE   30                        57    -27       43
  SINCE MAR 1   1295                      1523   -228     1565
  SINCE JUL 1   7204                      7524   -320     7945

 COOLING
  YESTERDAY        0                         0      0        0
  MONTH TO DATE    0                         0      0        0
  SINCE MAR 1      0                         1     -1        0
  SINCE JAN 1      0                         1     -1        0
..................................................................


WIND (MPH)
  HIGHEST WIND SPEED    21   HIGHEST WIND DIRECTION    SW (210)
  HIGHEST GUST SPEED    25   HIGHEST GUST DIRECTION    SW (210)
  AVERAGE WIND SPEED     6.3


SKY COVER
  POSSIBLE SUNSHINE  MM
  AVERAGE SKY COVER 0.2


WEATHER CONDITIONS
 THE FOLLOWING WEATHER WAS RECORDED YESTERDAY.
  NO SIGNIFICANT WEATHER WAS OBSERVED.


RELATIVE HUMIDITY (PERCENT)
 HIGHEST    82           600 AM
 LOWEST     25           300 PM
 AVERAGE    54

..........................................................


THE WORLAND WY CLIMATE NORMALS FOR TODAY
                         NORMAL    RECORD    YEAR
 MAXIMUM TEMPERATURE (F)   66        91      1966
 MINIMUM TEMPERATURE (F)   37        23      2010


SUNRISE AND SUNSET
MAY  5 2015...........SUNRISE   558 AM MDT   SUNSET   820 PM MDT
MAY  6 2015...........SUNRISE   557 AM MDT   SUNSET   821 PM MDT


-  INDICATES NEGATIVE NUMBERS.
R  INDICATES RECORD WAS SET OR TIED.
MM INDICATES DATA IS MISSING.
T  INDICATES TRACE AMOUNT.




$$
