000
CDUS46 KPDT 210905
CLIYKM

CLIMATE REPORT
NATIONAL WEATHER SERVICE PENDLETON OR
205 AM PDT TUE APR 21 2015


...................................

...THE YAKIMA WA CLIMATE SUMMARY FOR APRIL 20 2015...

CLIMATE NORMAL PERIOD 1981 TO 2010
CLIMATE RECORD PERIOD 1946 TO 2015


WEATHER ITEM   OBSERVED TIME   RECORD YEAR NORMAL DEPARTURE LAST
                VALUE   (LST)  VALUE       VALUE  FROM      YEAR
                                                  NORMAL
..................................................................
TEMPERATURE (F)
 YESTERDAY
  MAXIMUM         82    326 PM  84    1956  65     17       66
  MINIMUM         38    521 AM  22    2008  35      3       30
                                      1985
  AVERAGE         60                        50     10       48

PRECIPITATION (IN)
  YESTERDAY        0.00          0.39 1963   0.02  -0.02     0.00
  MONTH TO DATE    T                         0.35  -0.35     0.01
  SINCE OCT 1      4.52                      6.01  -1.49     3.17
  SINCE JAN 1      2.42                      2.89  -0.47     2.34

SNOWFALL (IN)
  YESTERDAY        0.0           T    2008   0.0    0.0      0.0
  MONTH TO DATE    0.0                       0.0    0.0      0.0
  SINCE JAN 1      1.6                       8.6   -7.0     19.9
  SINCE JUL 1      1.6                      21.6  -20.0     19.9
  SNOW DEPTH       0

DEGREE DAYS
 HEATING
  YESTERDAY        5                        15    -10       17
  MONTH TO DATE  293                       338    -45      252
  SINCE MAR 1    747                      1015   -268      886
  SINCE JUL 1   4329                      5542  -1213     5288

 COOLING
  YESTERDAY        0                         0      0        0
  MONTH TO DATE    0                         0      0        0
  SINCE MAR 1      0                         0      0        0
  SINCE JAN 1      0                         0      0        0
..................................................................


WIND (MPH)
  HIGHEST WIND SPEED    13   HIGHEST WIND DIRECTION     W (260)
  HIGHEST GUST SPEED    24   HIGHEST GUST DIRECTION    SW (210)
  AVERAGE WIND SPEED     5.9


SKY COVER
  POSSIBLE SUNSHINE  MM
  AVERAGE SKY COVER 0.0


WEATHER CONDITIONS
THE FOLLOWING WEATHER WAS RECORDED YESTERDAY.
  NO SIGNIFICANT WEATHER WAS OBSERVED.


RELATIVE HUMIDITY (PERCENT)
 HIGHEST    79           500 AM
 LOWEST     16           200 PM
 AVERAGE    48

..........................................................


THE YAKIMA WA CLIMATE NORMALS FOR TODAY
                         NORMAL    RECORD    YEAR
 MAXIMUM TEMPERATURE (F)   65        85      2009
                                             1956
 MINIMUM TEMPERATURE (F)   35        19      2008


SUNRISE AND SUNSET
APRIL 21 2015.........SUNRISE   605 AM PDT   SUNSET   758 PM PDT
APRIL 22 2015.........SUNRISE   603 AM PDT   SUNSET   759 PM PDT


-  INDICATES NEGATIVE NUMBERS.
R  INDICATES RECORD WAS SET OR TIED.
MM INDICATES DATA IS MISSING.
T  INDICATES TRACE AMOUNT.

$$
