000
CXUS51 KILN 011220
CLMCMH


CLIMATE REPORT
NATIONAL WEATHER SERVICE WILMINGTON OH
817 AM EDT WED APR 1 2015

...................................

...THE COLUMBUS CLIMATE SUMMARY FOR THE MONTH OF MARCH 2015...

CLIMATE NORMAL PERIOD 1981 TO 2010
CLIMATE RECORD PERIOD 1869 TO 2015

WEATHER         OBSERVED          NORMAL  DEPART  LAST YEAR`S
                 VALUE   DATE(S)  VALUE   FROM    VALUE  DATE(S)
                                          NORMAL
................................................................
TEMPERATURE (F)
RECORD
 HIGH              85   03/22/2012
                        03/21/2012
 LOW               -6   03/09/1984
HIGHEST            69   03/16        50      19       69  03/11
LOWEST              4   03/06        31     -27        7  03/04
AVG. MAXIMUM     47.6              51.1    -3.5     48.4
AVG. MINIMUM     28.1              32.7    -4.6     27.1
MEAN             37.9              41.9    -4.0     37.7
DAYS MAX >= 90      0               0.0     0.0        0
DAYS MAX <= 32      3               1.8     1.2        1
DAYS MIN <= 32     18              15.3     2.7       22
DAYS MIN <= 0       0               0.0     0.0        0

PRECIPITATION (INCHES)
TOTALS           3.92              3.02    0.90     2.59
DAILY AVG.       0.13              0.10    0.03     0.08
DAYS >= .01        12              12.8    -0.8        7
DAYS >= .10         9               7.1     1.9        4
DAYS >= .50         3               1.9     1.1        2
DAYS >= 1.00        0               0.4    -0.4        1
GREATEST
 24 HR. TOTAL    0.63   03/14 TO 03/14

SNOWFALL (INCHES)
TOTALS            5.4               4.2     1.2      4.5
SINCE 7/1        33.4              25.6     7.8     55.5
DAYS >= TRACE       7               4.5     2.5        5
DAYS >= 1.0         1               1.1    -0.1        2
GREATEST
 24 HR TOTAL      3.6   03/01 TO 03/01

DEGREE_DAYS
HEATING TOTAL     834               716     118      837
 SINCE 7/1       5388              4711     677     5221
COOLING TOTAL       0                 0       0        0
 SINCE 1/1          0                 0       0        0
...................................................

WIND (MPH)
AVERAGE WIND SPEED              7.9
RESULTANT WIND SPEED/DIRECTION   2/308
HIGHEST WIND SPEED/DIRECTION    31/330    DATE  03/31
HIGHEST GUST SPEED/DIRECTION    40/350    DATE  03/31

SKY COVER
AVERAGE SKY COVER           0.70

AVERAGE RH (PERCENT)     69

WEATHER CONDITIONS. NUMBER OF DAYS WITH
THUNDERSTORM              0     MIXED PRECIP               0
HEAVY RAIN                2     RAIN                       8
LIGHT RAIN               12     FREEZING RAIN              0
LT FREEZING RAIN          1     HAIL                       0
HEAVY SNOW                0     SNOW                       2
LIGHT SNOW                6     SLEET                      2
FOG                      16     FOG W/VIS <= 1/4 MILE      4
HAZE                      8

-  INDICATES NEGATIVE NUMBERS.
R  INDICATES RECORD WAS SET OR TIED.
MM INDICATES DATA IS MISSING.
T  INDICATES TRACE AMOUNT.

$$
