000
CXUS53 KDDC 012019
CLMGCK


CLIMATE REPORT
NATIONAL WEATHER SERVICE DODGE CITY KS
314 PM CDT WED APR 1 2015

...................................

...THE GARDEN CITY REGIONAL ARPT KS CLIMATE SUMMARY FOR THE MONTH OF MARCH 2015...

CLIMATE NORMAL PERIOD 1981 TO 2010
CLIMATE RECORD PERIOD 1948 TO 2015

WEATHER         OBSERVED          NORMAL  DEPART  LAST YEAR`S
                 VALUE   DATE(S)  VALUE   FROM    VALUE  DATE(S)
                                          NORMAL
................................................................
TEMPERATURE (F)
RECORD
 HIGH              93   03/10/1989
                        03/19/1972
 LOW               -6   03/07/1996
HIGHEST            91   03/16        MM      MM       82  03/30
LOWEST             12   03/05        MM      MM       -5  03/03
AVG. MAXIMUM     62.9              57.8     5.1     56.3
AVG. MINIMUM     30.4              29.4     1.0     25.3
MEAN             46.7              43.6     3.1     40.8
DAYS MAX >= 90      1               0.0     1.0        0
DAYS MAX <= 32      2               1.5     0.5        3
DAYS MIN <= 32     14              18.9    -4.9       24
DAYS MIN <= 0       0               0.1    -0.1        2

PRECIPITATION (INCHES)
RECORD
 MAXIMUM         7.26   1973
 MINIMUM         0.01   1966
TOTALS           0.32              1.46   -1.14     0.04
DAYS >= .01         2               5.3    -3.3        3
DAYS >= .10         1               2.7    -1.7        0
DAYS >= .50         0               0.8    -0.8        0
DAYS >= 1.00        0               0.2    -0.2        0
GREATEST
 24 HR. TOTAL    0.24   03/19 TO 03/19           03/05 TO 03/05

DEGREE_DAYS
HEATING TOTAL     563               664    -101      741
 SINCE 7/1       4471              4688    -217     4917
COOLING TOTAL       0                 0       0        0
 SINCE 1/1          0                 0       0        0
......................................................

WIND (MPH)
AVERAGE WIND SPEED              11.1
HIGHEST WIND SPEED/DIRECTION    43/030    DATE  03/17
HIGHEST GUST SPEED/DIRECTION    51/040    DATE  03/16


WEATHER CONDITIONS. NUMBER OF DAYS WITH
THUNDERSTORM              0     MIXED PRECIP               0
HEAVY RAIN                0     RAIN                       1
LIGHT RAIN                3     FREEZING RAIN              0
LT FREEZING RAIN          0     HAIL                       0
HEAVY SNOW                0     SNOW                       0
LIGHT SNOW                2     SLEET                      0
FOG                      10     FOG W/VIS <= 1/4 MILE      1
HAZE                      6

-  INDICATES NEGATIVE NUMBERS.
R  INDICATES RECORD WAS SET OR TIED.
MM INDICATES DATA IS MISSING.
T  INDICATES TRACE AMOUNT.

$$
