000
CXUS53 KGLD 042001
CLMGLD

CLIMATE REPORT
NATIONAL WEATHER SERVICE GOODLAND
158 PM MDT MON MAY 4 2015

...................................

...THE GOODLAND KS CLIMATE SUMMARY FOR THE MONTH OF APRIL 2015...

CLIMATE NORMAL PERIOD 1981 TO 2010
CLIMATE RECORD PERIOD 1895 TO 2015

WEATHER         OBSERVED          NORMAL  DEPART  LAST YEAR`S
                 VALUE   DATE(S)  VALUE   FROM    VALUE  DATE(S)
                                          NORMAL
................................................................
TEMPERATURE (F)
RECORD
 HIGH              96   04/30/1992
                        04/22/1989
 LOW                0   04/02/1936
HIGHEST            84   04/01        86      -2       86  04/26
LOWEST             27   04/03        21       6       20  04/01
AVG. MAXIMUM     66.1              63.6     2.5     65.6
AVG. MINIMUM     37.1              34.7     2.4     35.1
MEAN             51.6              49.2     2.4     50.3
DAYS MAX >= 90      0               0.2    -0.2        0
DAYS MAX <= 32      0               0.4    -0.4        0
DAYS MIN <= 32     10              11.2    -1.2       11
DAYS MIN <= 0       0               0.0     0.0        0

PRECIPITATION (INCHES)
RECORD
 MAXIMUM         5.69   1944
 MINIMUM            T   1963
TOTALS           4.84              1.59    3.25     0.43
DAILY AVG.       0.16              0.05    0.11     0.01
DAYS >= .01         9               7.7     1.3        5
DAYS >= .10         6               3.9     2.1        2
DAYS >= .50         4               0.9     3.1        0
DAYS >= 1.00        1               0.2     0.8        0
GREATEST
 24 HR. TOTAL    2.10   04/16 TO 04/17              0.21

SNOWFALL (INCHES)
RECORDS
 TOTAL           22.0   1984
TOTALS            2.0               4.2    -2.2      0.4
SINCE 7/1        24.7              35.0   -10.3     29.1
SNOWDEPTH AVG.      0                MM      MM        0
DAYS >= 1.0         1               1.2    -0.2        0
GREATEST
 SNOW DEPTH         2   04/03                         -1  04/14
 24 HR TOTAL      1.6   04/02                    04/27 TO 04/27

DEGREE_DAYS
HEATING TOTAL     396               480     -84      437
 SINCE 7/1       5176              5655    -479     5749
COOLING TOTAL       0                 4      -4        5
 SINCE 1/1          0                 4      -4        5
........................................................

WIND (MPH)
AVERAGE WIND SPEED              13.1
HIGHEST WIND SPEED/DIRECTION    46/320    DATE  04/01
HIGHEST GUST SPEED/DIRECTION    59/320    DATE  04/01

SKY COVER
AVERAGE SKY COVER           0.30

AVERAGE RH (PERCENT)     64

WEATHER CONDITIONS. NUMBER OF DAYS WITH
THUNDERSTORM              7     MIXED PRECIP               0
HEAVY RAIN                2     RAIN                       5
LIGHT RAIN               11     FREEZING RAIN              0
LT FREEZING RAIN          0     HAIL                       1
HEAVY SNOW                0     SNOW                       0
LIGHT SNOW                3     SLEET                      0
FOG                      16     FOG W/VIS <= 1/4 MILE      6
HAZE                      1

-  INDICATES NEGATIVE NUMBERS.
R  INDICATES RECORD WAS SET OR TIED.
MM INDICATES DATA IS MISSING.
T  INDICATES TRACE AMOUNT.

$$
