000
CXUS54 KJAN 011631
CLMGLH


CLIMATE REPORT
NATIONAL WEATHER SERVICE JACKSON MS
1128 AM CDT WED APR 1 2015

...................................

...THE GREENVILLE CLIMATE SUMMARY FOR THE MONTH OF MARCH 2015...

CLIMATE NORMAL PERIOD 1981 TO 2010
CLIMATE RECORD PERIOD 1920 TO 2015

WEATHER         OBSERVED          NORMAL  DEPART  LAST YEAR`S
                 VALUE   DATE(S)  VALUE   FROM    VALUE  DATE(S)
                                          NORMAL
................................................................
TEMPERATURE (F)
RECORD
 HIGH              91   03/24/1929
 LOW               15   03/03/1943
HIGHEST            79   03/31        MM      MM       79  03/28
LOWEST             23   03/06        MM      MM       22  03/04
                                                          03/03
AVG. MAXIMUM     63.4              65.3    -1.9     62.9
AVG. MINIMUM     45.7              44.1     1.6     39.0
MEAN             54.6              54.7    -0.1     50.9
DAYS MAX >= 90      0               0.0     0.0        0
DAYS MAX <= 32      0               0.0     0.0        1
DAYS MIN <= 32      4               2.2     1.8        6
DAYS MIN <= 0       0               0.0     0.0        0

PRECIPITATION (INCHES)
RECORD
 MAXIMUM        15.83   1973
 MINIMUM         0.31   2007
TOTALS           4.61              4.55    0.06     5.51
DAILY AVG.       0.15              0.15    0.00     0.18
DAYS >= .01        14                MM      MM       11
DAYS >= .10        12                MM      MM        8
DAYS >= .50         3                MM      MM        3
DAYS >= 1.00        0                MM      MM        1
GREATEST
 24 HR. TOTAL    0.81   03/13 TO 03/13              2.71

SNOWFALL (INCHES)
TOTALS             MM

DEGREE_DAYS
HEATING TOTAL     321               336     -15      434
 SINCE 7/1       2808              2645     163     3041
COOLING TOTAL       7                17     -10        5
 SINCE 1/1          7                22     -15        5
.................................................................

WIND (MPH)
AVERAGE WIND SPEED              8.9
HIGHEST WIND SPEED/DIRECTION    36/360    DATE  03/26
HIGHEST GUST SPEED/DIRECTION    45/360    DATE  03/26

SKY COVER
POSSIBLE SUNSHINE (PERCENT)   MM
AVERAGE SKY COVER           0.60
NUMBER OF DAYS FAIR           11
NUMBER OF DAYS PC              6
NUMBER OF DAYS CLOUDY         14

AVERAGE RH (PERCENT)     78

WEATHER CONDITIONS. NUMBER OF DAYS WITH
THUNDERSTORM              3     MIXED PRECIP               0
HEAVY RAIN                9     RAIN                      11
LIGHT RAIN               19     FREEZING RAIN              0
LT FREEZING RAIN          2     HAIL                       0
HEAVY SNOW                0     SNOW                       0
LIGHT SNOW                3     SLEET                      1
FOG                      26     FOG W/VIS <= 1/4 MILE      5
HAZE                      8

-  INDICATES NEGATIVE NUMBERS.
R  INDICATES RECORD WAS SET OR TIED.
MM INDICATES DATA IS MISSING.
T  INDICATES TRACE AMOUNT.

$$
