000
CXUS53 KLOT 011438
CLMLOT

CLIMATE REPORT
NATIONAL WEATHER SERVICE CHICAGO IL
900 AM CDT WED APR 1 2015

...................................
...THE ROMEOVILLE  WFO CLIMATE SUMMARY FOR THE MONTH OF MARCH 2015...

CLIMATE NORMAL PERIOD 1981 TO 2010
CLIMATE RECORD PERIOD 1992 TO 2015

WEATHER         OBSERVED          NORMAL  DEPART  LAST YEAR`S
                 VALUE   DATE(S)  VALUE   FROM    VALUE
                                          NORMAL
.............................................................
TEMPERATURE (F)
RECORD
 HIGH              85   03/21/2012
 LOW              -13   03/04/2002

HIGHEST            74   03/16        MM      MM       67
LOWEST             -2   03/06        MM      MM       -4

AVG. MAXIMUM     45.5              47.8    -2.3     40.2
AVG. MINIMUM     25.9              29.5    -3.6     21.6
MEAN             35.7              38.6    -2.9     30.9

PRECIPITATION (INCHES)
RECORD
 MAXIMUM           MM   MM
 MINIMUM           MM   MM

TOTALS           0.79              2.77   -1.98     2.11

SNOWFALL (INCHES)
RECORDS
 TOTAL             MM   MM

TOTALS            5.2               4.4     0.8     10.2
SINCE 7/1        36.4              31.8     4.6     75.7

DEGREE_DAYS
HEATING TOTAL     901               817      84     1050
 SINCE 7/1       6146              5545     601     6654
COOLING TOTAL       0                 0       0        0
 SINCE 1/1          0                 0       0        0
..............................................................
WIND (MPH)
AVERAGE WIND SPEED              9.3
HIGHEST WIND SPEED/DIRECTION    29/MM     DATE   MM
HIGHEST GUST SPEED/DIRECTION    43/MM     DATE   MM

AVERAGE RH (PERCENT)     67

-  INDICATES NEGATIVE NUMBERS.
R  INDICATES RECORD WAS SET OR TIED.
MM INDICATES DATA IS MISSING.
T  INDICATES TRACE AMOUNT.

$$
