000
CXUS46 KLOX 011619
CLMPRB


CLIMATE REPORT
NATIONAL WEATHER SERVICE LOS ANGELES/OXNARD CA
919 AM PDT FRI MAY 1 2015

...................................

...THE PASO ROBLES AIRPORT CA CLIMATE SUMMARY FOR THE MONTH OF APRIL 2015...

CLIMATE NORMAL PERIOD 1981 TO 2010
CLIMATE RECORD PERIOD 1948 TO 2015

WEATHER         OBSERVED          NORMAL  DEPART  LAST YEAR`S
                 VALUE   DATE(S)  VALUE   FROM    VALUE
                                          NORMAL
.............................................................
TEMPERATURE (F)
HIGHEST            94   04/28
LOWEST             33   04/02
AVG. MAXIMUM     77.7              72.5     5.2
AVG. MINIMUM     42.0              41.2     0.8
MEAN             59.8              56.9     2.9
DAYS MAX >= 90      3
DAYS MAX <= 32      0
DAYS MIN <= 32      0
DAYS MIN <= 0       0

PRECIPITATION (INCHES)
TOTALS           0.43              0.68   -0.25
DAILY AVG.       0.01
DAYS >= .01         1
DAYS >= .10         1
DAYS >= .50         0
DAYS >= 1.00        0
GREATEST
 24 HR. TOTAL    0.43   04/07 TO 04/07
                        04/06 TO 04/07
                        04/07 TO 04/07
 STORM TOTAL       MM
 (MM/DD(HH))

DEGREE_DAYS
HEATING TOTAL     166               253     -87      140
 SINCE 7/1       1688              2712   -1024     2075
COOLING TOTAL      19                 9      10       18
 SINCE 1/1         40                 9      31       18
..............................................................

WIND (MPH)
AVERAGE WIND SPEED              7.3
HIGHEST WIND SPEED/DIRECTION    26/330    DATE  04/01
HIGHEST GUST SPEED/DIRECTION    33/320    DATE  04/25

SKY COVER
POSSIBLE SUNSHINE (PERCENT)   MM
AVERAGE SKY COVER           0.10
NUMBER OF DAYS FAIR           24
NUMBER OF DAYS PC              6
NUMBER OF DAYS CLOUDY          0

AVERAGE RH (PERCENT)     51

WEATHER CONDITIONS. NUMBER OF DAYS WITH
THUNDERSTORM              0     MIXED PRECIP               0
HEAVY RAIN                0     RAIN                       1
LIGHT RAIN                2     FREEZING RAIN              0
LT FREEZING RAIN          0     HAIL                       0
HEAVY SNOW                0     SNOW                       0
LIGHT SNOW                0     SLEET                      0
FOG                       2     FOG W/VIS <= 1/4 MILE      1
HAZE                      1

-  INDICATES NEGATIVE NUMBERS.
R  INDICATES RECORD WAS SET OR TIED.
MM INDICATES DATA IS MISSING.
T  INDICATES TRACE AMOUNT.

$$
