000
CXUS51 KCLE 030113
CLSYNG


CLIMATE REPORT
NATIONAL WEATHER SERVICE CLEVELAND OH
808 PM EST MON MAR 2 2015

...................................

...THE YOUNGSTOWN OH CLIMATE SUMMARY FOR THE SEASON, FROM
12/1/2014 TO 2/28/2015...

CLIMATE NORMAL PERIOD 1981 TO 2010
CLIMATE RECORD PERIOD 1897 TO 2015

WEATHER         OBSERVED          NORMAL  DEPART
                 VALUE   DATE(S)  VALUE   FROM
                                          NORMAL
................................................
TEMPERATURE (F)
RECORD
 HIGH              76   12/03/1982
 LOW              -22   01/19/1994
HIGHEST            60   12/01
LOWEST            -16   02/20
AVG. MAXIMUM     31.3              35.0    -3.7
AVG. MINIMUM     15.2              21.3    -6.1
MEAN             23.3              28.1    -4.8
DAYS MAX >= 90      0               0.0
DAYS MAX <= 32     49              37.0
DAYS MIN <= 32     81              75.1
DAYS MIN <= 0      16               3.6

PRECIPITATION (INCHES)
RECORD
 MAXIMUM        15.88   1950
 MINIMUM         3.84   1922
TOTALS           7.55              7.69   -0.14
DAYS >= .01        52              48.6
DAYS >= .10        20              21.1
DAYS >= .50         3               3.4
DAYS >= 1.00        1               0.6

SNOWFALL (INCHES)
RECORDS
 TOTAL          103.7   2011
TOTALS           57.9              44.4
DAYS >= TRACE      53
DAYS >= 1.0        17              14.5

DEGREE_DAYS
HEATING TOTAL    3708              3318     390
COOLING TOTAL       0                 0       0
.................................................

WIND (MPH)
HIGHEST GUST SPEED/DIRECTION    54/220    DATE  12/24

SKY COVER
POSSIBLE SUNSHINE (PERCENT)   MM
NUMBER OF DAYS FAIR            5
NUMBER OF DAYS PC             18
NUMBER OF DAYS CLOUDY         67


WEATHER CONDITIONS. NUMBER OF DAYS WITH
THUNDERSTORM              0     MIXED PRECIP               5
HEAVY RAIN                0     RAIN                       3
LIGHT RAIN               25     FREEZING RAIN              1
LT FREEZING RAIN         16     HAIL                       0
HEAVY SNOW                5     SNOW                      21
LIGHT SNOW               50     SLEET                      5
FOG                      65     FOG W/VIS <= 1/4 MILE     12
HAZE                      8

-  INDICATES NEGATIVE NUMBERS.
R  INDICATES RECORD WAS SET OR TIED.
MM INDICATES DATA IS MISSING.
T  INDICATES TRACE AMOUNT.

$$
