000
CDUS43 KSGF 030632
CLIJLN


CLIMATE REPORT
NATIONAL WEATHER SERVICE SPRINGFIELD MO
132 AM CDT SUN MAY 3 2015


...................................

...THE JOPLIN MO CLIMATE SUMMARY FOR MAY 2 2015...

CLIMATE NORMAL PERIOD 1981 TO 2010
CLIMATE RECORD PERIOD 1902 TO 2015


WEATHER ITEM   OBSERVED TIME   RECORD YEAR NORMAL DEPARTURE LAST
                VALUE   (LST)  VALUE       VALUE  FROM      YEAR
                                                  NORMAL
..................................................................
TEMPERATURE (F)
 YESTERDAY
  MAXIMUM         79    337 PM  89    1968  75      4       68
  MINIMUM         50    518 AM  31    1961  52     -2       34
  AVERAGE         65                        63      2       51

PRECIPITATION (IN)
  YESTERDAY        T             1.23 2007   0.19  -0.19     0.00
  MONTH TO DATE    T                         0.38  -0.38     0.00
  SINCE MAR 1      5.78                      8.27  -2.49     3.13
  SINCE JAN 1      7.30                     12.62  -5.32     3.98

DEGREE DAYS
 HEATING
  YESTERDAY        0                         4     -4       14
  MONTH TO DATE    6                         8     -2       31
  SINCE MAR 1    693                       757    -64      960
  SINCE JUL 1   4229                      4011    218     4809

 COOLING
  YESTERDAY        0                         2     -2        0
  MONTH TO DATE    0                         4     -4        0
  SINCE MAR 1     35                        57    -22       23
  SINCE JAN 1     35                        58    -23       23
..................................................................


WIND (MPH)
  HIGHEST WIND SPEED    16   HIGHEST WIND DIRECTION     S (190)
  HIGHEST GUST SPEED    20   HIGHEST GUST DIRECTION     S (180)
  AVERAGE WIND SPEED     9.3


SKY COVER
  AVERAGE SKY COVER 0.0


WEATHER CONDITIONS
 THE FOLLOWING WEATHER WAS RECORDED YESTERDAY.
  LIGHT RAIN


RELATIVE HUMIDITY (PERCENT)
 HIGHEST    71           400 AM
 LOWEST     40           400 PM
 AVERAGE    56

..........................................................


THE JOPLIN MO CLIMATE NORMALS FOR TODAY
                         NORMAL    RECORD    YEAR
 MAXIMUM TEMPERATURE (F)   75        91      1952
 MINIMUM TEMPERATURE (F)   53        31      1976


SUNRISE AND SUNSET
MAY  3 2015...........SUNRISE   621 AM CDT   SUNSET   809 PM CDT
MAY  4 2015...........SUNRISE   620 AM CDT   SUNSET   810 PM CDT


-  INDICATES NEGATIVE NUMBERS.
R  INDICATES RECORD WAS SET OR TIED.
MM INDICATES DATA IS MISSING.
T  INDICATES TRACE AMOUNT.




$$
