000
CDUS43 KSGF 250627
CLIJLN


CLIMATE REPORT
NATIONAL WEATHER SERVICE SPRINGFIELD MO
127 AM CDT SAT APR 25 2015


...................................

...THE JOPLIN MO CLIMATE SUMMARY FOR APRIL 24 2015...

CLIMATE NORMAL PERIOD 1981 TO 2010
CLIMATE RECORD PERIOD 1902 TO 2015


WEATHER ITEM   OBSERVED TIME   RECORD YEAR NORMAL DEPARTURE LAST
                VALUE   (LST)  VALUE       VALUE  FROM      YEAR
                                                  NORMAL
..................................................................
TEMPERATURE (F)
 YESTERDAY
  MAXIMUM         70    205 PM  89    1989  73     -3       73
  MINIMUM         53    651 AM  31    2005  50      3       47
  AVERAGE         62                        61      1       60

PRECIPITATION (IN)
  YESTERDAY        0.01          1.59 1993   0.18  -0.17     0.31
  MONTH TO DATE    3.95                      3.38   0.57     1.18
  SINCE MAR 1      5.78                      6.80  -1.02     3.06
  SINCE JAN 1      7.30                     11.15  -3.85     3.91

DEGREE DAYS
 HEATING
  YESTERDAY        3                         6     -3        5
  MONTH TO DATE  155                       211    -56      226
  SINCE MAR 1    645                       719    -74      889
  SINCE JUL 1   4181                      3973    208     4738

 COOLING
  YESTERDAY        0                         2     -2        0
  MONTH TO DATE   34                        32      2       12
  SINCE MAR 1     34                        41     -7       12
  SINCE JAN 1     34                        42     -8       12
..................................................................


WIND (MPH)
  HIGHEST WIND SPEED    24   HIGHEST WIND DIRECTION     S (170)
  HIGHEST GUST SPEED    31   HIGHEST GUST DIRECTION     S (170)
  AVERAGE WIND SPEED    13.0


SKY COVER
  AVERAGE SKY COVER 0.5


WEATHER CONDITIONS
 THE FOLLOWING WEATHER WAS RECORDED YESTERDAY.
  THUNDERSTORM
  LIGHT RAIN


RELATIVE HUMIDITY (PERCENT)
 HIGHEST    84          1000 PM
 LOWEST     51          1200 AM
 AVERAGE    68

..........................................................


THE JOPLIN MO CLIMATE NORMALS FOR TODAY
                         NORMAL    RECORD    YEAR
 MAXIMUM TEMPERATURE (F)   73        87      1949
                                             1986
 MINIMUM TEMPERATURE (F)   50        31      1976


SUNRISE AND SUNSET
APRIL 25 2015.........SUNRISE   631 AM CDT   SUNSET   802 PM CDT
APRIL 26 2015.........SUNRISE   630 AM CDT   SUNSET   803 PM CDT


-  INDICATES NEGATIVE NUMBERS.
R  INDICATES RECORD WAS SET OR TIED.
MM INDICATES DATA IS MISSING.
T  INDICATES TRACE AMOUNT.




$$
