000
CDUS43 KSGF 180645
CLIJLN


CLIMATE REPORT
NATIONAL WEATHER SERVICE SPRINGFIELD MO
143 AM CDT SAT APR 18 2015


...................................

...THE JOPLIN MO CLIMATE SUMMARY FOR APRIL 17 2015...

CLIMATE NORMAL PERIOD 1981 TO 2010
CLIMATE RECORD PERIOD 1902 TO 2015


WEATHER ITEM   OBSERVED TIME   RECORD YEAR NORMAL DEPARTURE LAST
                VALUE   (LST)  VALUE       VALUE  FROM      YEAR
                                                  NORMAL
..................................................................
TEMPERATURE (F)
 YESTERDAY
  MAXIMUM         77    421 PM  91    2006  71      6       60
  MINIMUM         57    615 AM  30    1953  47     10       40
                                      1956
  AVERAGE         67                        59      8       50

PRECIPITATION (IN)
  YESTERDAY        0.17          1.58 1991   0.15   0.02      T
  MONTH TO DATE    2.40                      2.24   0.16     0.55
  SINCE MAR 1      4.23                      5.66  -1.43     2.43
  SINCE JAN 1      5.75                     10.01  -4.26     3.28

DEGREE DAYS
 HEATING
  YESTERDAY        0                         8     -8       15
  MONTH TO DATE   98                       165    -67      202
  SINCE MAR 1    588                       673    -85      865
  SINCE JUL 1   4124                      3927    197     4714

 COOLING
  YESTERDAY        2                         2      0        0
  MONTH TO DATE   34                        18     16       10
  SINCE MAR 1     34                        27      7       10
  SINCE JAN 1     34                        28      6       10
..................................................................


WIND (MPH)
  HIGHEST WIND SPEED    14   HIGHEST WIND DIRECTION    SE (150)
  HIGHEST GUST SPEED    19   HIGHEST GUST DIRECTION    SE (130)
  AVERAGE WIND SPEED     5.9


SKY COVER
  AVERAGE SKY COVER 0.3


WEATHER CONDITIONS
 THE FOLLOWING WEATHER WAS RECORDED YESTERDAY.
  THUNDERSTORM
  RAIN
  LIGHT RAIN
  FOG


RELATIVE HUMIDITY (PERCENT)
 HIGHEST    93           500 AM
 LOWEST     54           400 PM
 AVERAGE    74

..........................................................


THE JOPLIN MO CLIMATE NORMALS FOR TODAY
                         NORMAL    RECORD    YEAR
 MAXIMUM TEMPERATURE (F)   71        95      2006
 MINIMUM TEMPERATURE (F)   48        28      1953


SUNRISE AND SUNSET
APRIL 18 2015.........SUNRISE   640 AM CDT   SUNSET   755 PM CDT
APRIL 19 2015.........SUNRISE   638 AM CDT   SUNSET   756 PM CDT


-  INDICATES NEGATIVE NUMBERS.
R  INDICATES RECORD WAS SET OR TIED.
MM INDICATES DATA IS MISSING.
T  INDICATES TRACE AMOUNT.




$$
