000
CDUS43 KSGF 150639
CLIJLN


CLIMATE REPORT
NATIONAL WEATHER SERVICE SPRINGFIELD MO
138 AM CDT WED APR 15 2015


...................................

...THE JOPLIN MO CLIMATE SUMMARY FOR APRIL 14 2015...

CLIMATE NORMAL PERIOD 1981 TO 2010
CLIMATE RECORD PERIOD 1902 TO 2015


WEATHER ITEM   OBSERVED TIME   RECORD YEAR NORMAL DEPARTURE LAST
                VALUE   (LST)  VALUE       VALUE  FROM      YEAR
                                                  NORMAL
..................................................................
TEMPERATURE (F)
 YESTERDAY
  MAXIMUM         66   1235 PM  88    2006  70     -4       45
  MINIMUM         51    552 AM  28    2014  46      5       28
                                      2008
                                      1950
  AVERAGE         59                        58      1       37

PRECIPITATION (IN)
  YESTERDAY        T             2.58 1999   0.14  -0.14      T
  MONTH TO DATE    2.12                      1.79   0.33     0.55
  SINCE MAR 1      3.95                      5.21  -1.26     2.43
  SINCE JAN 1      5.47                      9.56  -4.09     3.28

DEGREE DAYS
 HEATING
  YESTERDAY        6                         8     -2       28
  MONTH TO DATE   92                       141    -49      152
  SINCE MAR 1    582                       649    -67      815
  SINCE JUL 1   4118                      3903    215     4664

 COOLING
  YESTERDAY        0                         1     -1        0
  MONTH TO DATE   32                        14     18       10
  SINCE MAR 1     32                        23      9       10
  SINCE JAN 1     32                        24      8       10
..................................................................


WIND (MPH)
  HIGHEST WIND SPEED    17   HIGHEST WIND DIRECTION     E (90)
  HIGHEST GUST SPEED    23   HIGHEST GUST DIRECTION     E (90)
  AVERAGE WIND SPEED     8.8


SKY COVER
  AVERAGE SKY COVER 0.9


WEATHER CONDITIONS
 THE FOLLOWING WEATHER WAS RECORDED YESTERDAY.
  NO SIGNIFICANT WEATHER WAS OBSERVED.


RELATIVE HUMIDITY (PERCENT)
 HIGHEST    71          1100 PM
 LOWEST     34          1100 AM
 AVERAGE    53

..........................................................


THE JOPLIN MO CLIMATE NORMALS FOR TODAY
                         NORMAL    RECORD    YEAR
 MAXIMUM TEMPERATURE (F)   70        86      2006
                                             2002
 MINIMUM TEMPERATURE (F)   47        25      2014


SUNRISE AND SUNSET
APRIL 15 2015.........SUNRISE   644 AM CDT   SUNSET   753 PM CDT
APRIL 16 2015.........SUNRISE   643 AM CDT   SUNSET   754 PM CDT


-  INDICATES NEGATIVE NUMBERS.
R  INDICATES RECORD WAS SET OR TIED.
MM INDICATES DATA IS MISSING.
T  INDICATES TRACE AMOUNT.




$$
