000
CDUS43 KSGF 212227
CLIJLN


CLIMATE REPORT
NATIONAL WEATHER SERVICE SPRINGFIELD MO
527 PM CDT TUE APR 21 2015


...................................

...THE JOPLIN MO CLIMATE SUMMARY FOR APRIL 21 2015...
VALID TODAY AS OF 0500 PM LOCAL TIME.

CLIMATE NORMAL PERIOD 1981 TO 2010
CLIMATE RECORD PERIOD 1902 TO 2015


WEATHER ITEM   OBSERVED TIME   RECORD YEAR NORMAL DEPARTURE LAST
                VALUE   (LST)  VALUE       VALUE  FROM      YEAR
                                                  NORMAL
..................................................................
TEMPERATURE (F)
 TODAY
  MAXIMUM         72    354 PM  90    1963  72      0       68
  MINIMUM         42   1247 AM  30    1966  49     -7       57
                                      1978
  AVERAGE         57                        60     -3       63

PRECIPITATION (IN)
  TODAY            0.00          1.29 1996   0.16  -0.16     0.32
  MONTH TO DATE    3.74                      2.86   0.88     0.87
  SINCE MAR 1      5.57                      6.28  -0.71     2.75
  SINCE JAN 1      7.09                     10.63  -3.54     3.60

DEGREE DAYS
 HEATING
  TODAY            8                         7      1        2
  MONTH TO DATE  127                       193    -66      216
  SINCE MAR 1    617                       701    -84      879
  SINCE JUL 1   4153                      3955    198     4728

 COOLING
  TODAY            0                         2     -2        0
  MONTH TO DATE   34                        26      8       12
  SINCE MAR 1     34                        35     -1       12
  SINCE JAN 1     34                        36     -2       12
..................................................................


WIND (MPH)
  HIGHEST WIND SPEED    26   HIGHEST WIND DIRECTION    SW (220)
  HIGHEST GUST SPEED    35   HIGHEST GUST DIRECTION    SW (230)


SKY COVER
  AVERAGE SKY COVER 0.2


WEATHER CONDITIONS
 THE FOLLOWING WEATHER WAS RECORDED TODAY.
  NO SIGNIFICANT WEATHER WAS OBSERVED.


RELATIVE HUMIDITY (PERCENT)
 HIGHEST    76          1200 AM
 LOWEST     40           100 PM
 AVERAGE    58

..........................................................


THE JOPLIN MO CLIMATE NORMALS FOR TOMORROW
                         NORMAL    RECORD    YEAR
 MAXIMUM TEMPERATURE (F)   72        90      1965
 MINIMUM TEMPERATURE (F)   49        29      1986


SUNRISE AND SUNSET
APRIL 21 2015.........SUNRISE   636 AM CDT   SUNSET   758 PM CDT
APRIL 22 2015.........SUNRISE   635 AM CDT   SUNSET   759 PM CDT


-  INDICATES NEGATIVE NUMBERS.
R  INDICATES RECORD WAS SET OR TIED.
MM INDICATES DATA IS MISSING.
T  INDICATES TRACE AMOUNT.




$$
