000
CDUS43 KSGF 140628
CLIJLN


CLIMATE REPORT
NATIONAL WEATHER SERVICE SPRINGFIELD MO
127 AM CDT TUE APR 14 2015


...................................

...THE JOPLIN MO CLIMATE SUMMARY FOR APRIL 13 2015...

CLIMATE NORMAL PERIOD 1981 TO 2010
CLIMATE RECORD PERIOD 1902 TO 2015


WEATHER ITEM   OBSERVED TIME   RECORD YEAR NORMAL DEPARTURE LAST
                VALUE   (LST)  VALUE       VALUE  FROM      YEAR
                                                  NORMAL
..................................................................
TEMPERATURE (F)
 YESTERDAY
  MAXIMUM         69   1202 AM  92    1972  69      0       77
                                      2006
  MINIMUM         55   1134 PM  19    1957  46      9       40
  AVERAGE         62                        58      4       59

PRECIPITATION (IN)
  YESTERDAY        0.35          1.66 2007   0.13   0.22     0.38
  MONTH TO DATE    2.12                      1.65   0.47     0.55
  SINCE MAR 1      3.95                      5.07  -1.12     2.43
  SINCE JAN 1      5.47                      9.42  -3.95     3.28

DEGREE DAYS
 HEATING
  YESTERDAY        3                         9     -6        6
  MONTH TO DATE   86                       133    -47      124
  SINCE MAR 1    576                       641    -65      787
  SINCE JUL 1   4112                      3895    217     4636

 COOLING
  YESTERDAY        0                         1     -1        0
  MONTH TO DATE   32                        13     19       10
  SINCE MAR 1     32                        22     10       10
  SINCE JAN 1     32                        23      9       10
..................................................................


WIND (MPH)
  HIGHEST WIND SPEED    32   HIGHEST WIND DIRECTION     N (350)
  HIGHEST GUST SPEED    39   HIGHEST GUST DIRECTION     N (350)
  AVERAGE WIND SPEED     8.5


SKY COVER
  AVERAGE SKY COVER 0.8


WEATHER CONDITIONS
 THE FOLLOWING WEATHER WAS RECORDED YESTERDAY.
  THUNDERSTORM
  HEAVY RAIN
  RAIN
  LIGHT RAIN
  FOG


RELATIVE HUMIDITY (PERCENT)
 HIGHEST   100           600 AM
 LOWEST     44           400 PM
 AVERAGE    72

..........................................................


THE JOPLIN MO CLIMATE NORMALS FOR TODAY
                         NORMAL    RECORD    YEAR
 MAXIMUM TEMPERATURE (F)   70        88      2006
 MINIMUM TEMPERATURE (F)   46        28      2014
                                             2008
                                             1950


SUNRISE AND SUNSET
APRIL 14 2015.........SUNRISE   645 AM CDT   SUNSET   752 PM CDT
APRIL 15 2015.........SUNRISE   644 AM CDT   SUNSET   753 PM CDT


-  INDICATES NEGATIVE NUMBERS.
R  INDICATES RECORD WAS SET OR TIED.
MM INDICATES DATA IS MISSING.
T  INDICATES TRACE AMOUNT.




$$
