000
CDUS43 KSGF 130626
CLIJLN


CLIMATE REPORT
NATIONAL WEATHER SERVICE SPRINGFIELD MO
126 AM CDT MON APR 13 2015


...................................

...THE JOPLIN MO CLIMATE SUMMARY FOR APRIL 12 2015...

CLIMATE NORMAL PERIOD 1981 TO 2010
CLIMATE RECORD PERIOD 1902 TO 2015


WEATHER ITEM   OBSERVED TIME   RECORD YEAR NORMAL DEPARTURE LAST
                VALUE   (LST)  VALUE       VALUE  FROM      YEAR
                                                  NORMAL
..................................................................
TEMPERATURE (F)
 YESTERDAY
  MAXIMUM         79    334 PM  96    1972  69     10       82
  MINIMUM         56   1036 AM  23    1957  46     10       61
  AVERAGE         68                        57     11       72

PRECIPITATION (IN)
  YESTERDAY        T             1.21 2009   0.14  -0.14     0.00
  MONTH TO DATE    1.77                      1.52   0.25     0.17
  SINCE MAR 1      3.60                      4.94  -1.34     2.05
  SINCE JAN 1      5.12                      9.29  -4.17     2.90

DEGREE DAYS
 HEATING
  YESTERDAY        0                         9     -9        0
  MONTH TO DATE   83                       124    -41      118
  SINCE MAR 1    573                       632    -59      781
  SINCE JUL 1   4109                      3886    223     4630

 COOLING
  YESTERDAY        3                         1      2        7
  MONTH TO DATE   32                        12     20       10
  SINCE MAR 1     32                        21     11       10
  SINCE JAN 1     32                        22     10       10
..................................................................


WIND (MPH)
  HIGHEST WIND SPEED    25   HIGHEST WIND DIRECTION     S (170)
  HIGHEST GUST SPEED    32   HIGHEST GUST DIRECTION     S (170)
  AVERAGE WIND SPEED    13.5


SKY COVER
  AVERAGE SKY COVER 0.5


WEATHER CONDITIONS
 THE FOLLOWING WEATHER WAS RECORDED YESTERDAY.
  NO SIGNIFICANT WEATHER WAS OBSERVED.


RELATIVE HUMIDITY (PERCENT)
 HIGHEST    77          1100 AM
 LOWEST     46           100 AM
 AVERAGE    62

..........................................................


THE JOPLIN MO CLIMATE NORMALS FOR TODAY
                         NORMAL    RECORD    YEAR
 MAXIMUM TEMPERATURE (F)   69        92      1972
                                             2006
 MINIMUM TEMPERATURE (F)   46        19      1957


SUNRISE AND SUNSET
APRIL 13 2015.........SUNRISE   647 AM CDT   SUNSET   751 PM CDT
APRIL 14 2015.........SUNRISE   645 AM CDT   SUNSET   752 PM CDT


-  INDICATES NEGATIVE NUMBERS.
R  INDICATES RECORD WAS SET OR TIED.
MM INDICATES DATA IS MISSING.
T  INDICATES TRACE AMOUNT.




$$
