000
CDUS43 KSGF 262227
CLIJLN


CLIMATE REPORT
NATIONAL WEATHER SERVICE SPRINGFIELD MO
526 PM CDT SUN APR 26 2015


...................................

...THE JOPLIN MO CLIMATE SUMMARY FOR APRIL 26 2015...
VALID TODAY AS OF 0500 PM LOCAL TIME.

CLIMATE NORMAL PERIOD 1981 TO 2010
CLIMATE RECORD PERIOD 1902 TO 2015


WEATHER ITEM   OBSERVED TIME   RECORD YEAR NORMAL DEPARTURE LAST
                VALUE   (LST)  VALUE       VALUE  FROM      YEAR
                                                  NORMAL
..................................................................
TEMPERATURE (F)
 TODAY
  MAXIMUM         60   1203 PM  90    1987  73    -13       83
                                      1989
  MINIMUM         52    730 AM  27    1976  50      2       53
  AVERAGE         56                        62     -6       68

PRECIPITATION (IN)
  TODAY            0.00          1.94 1999   0.18  -0.18     0.03
  MONTH TO DATE    3.95                      3.74   0.21     1.21
  SINCE MAR 1      5.78                      7.16  -1.38     3.09
  SINCE JAN 1      7.30                     11.51  -4.21     3.94

DEGREE DAYS
 HEATING
  TODAY            9                         5      4        0
  MONTH TO DATE  164                       222    -58      231
  SINCE MAR 1    654                       730    -76      894
  SINCE JUL 1   4190                      3984    206     4743

 COOLING
  TODAY            0                         2     -2        3
  MONTH TO DATE   35                        36     -1       15
  SINCE MAR 1     35                        45    -10       15
  SINCE JAN 1     35                        46    -11       15
..................................................................


WIND (MPH)
  HIGHEST WIND SPEED    16   HIGHEST WIND DIRECTION    NE (60)
  HIGHEST GUST SPEED    23   HIGHEST GUST DIRECTION    NE (40)


SKY COVER
  AVERAGE SKY COVER 1.0


WEATHER CONDITIONS
 THE FOLLOWING WEATHER WAS RECORDED TODAY.
  FOG


RELATIVE HUMIDITY (PERCENT)
 HIGHEST    96           700 AM
 LOWEST     72          1200 PM
 AVERAGE    84

..........................................................


THE JOPLIN MO CLIMATE NORMALS FOR TOMORROW
                         NORMAL    RECORD    YEAR
 MAXIMUM TEMPERATURE (F)   73        88      1989
 MINIMUM TEMPERATURE (F)   51        34      1988


SUNRISE AND SUNSET
APRIL 26 2015.........SUNRISE   630 AM CDT   SUNSET   803 PM CDT
APRIL 27 2015.........SUNRISE   628 AM CDT   SUNSET   804 PM CDT


-  INDICATES NEGATIVE NUMBERS.
R  INDICATES RECORD WAS SET OR TIED.
MM INDICATES DATA IS MISSING.
T  INDICATES TRACE AMOUNT.




$$
