000
CDUS43 KSGF 240645
CLIJLN


CLIMATE REPORT
NATIONAL WEATHER SERVICE SPRINGFIELD MO
145 AM CDT FRI APR 24 2015


...................................

...THE JOPLIN MO CLIMATE SUMMARY FOR APRIL 23 2015...

CLIMATE NORMAL PERIOD 1981 TO 2010
CLIMATE RECORD PERIOD 1902 TO 2015


WEATHER ITEM   OBSERVED TIME   RECORD YEAR NORMAL DEPARTURE LAST
                VALUE   (LST)  VALUE       VALUE  FROM      YEAR
                                                  NORMAL
..................................................................
TEMPERATURE (F)
 YESTERDAY
  MAXIMUM         61    217 PM  90    1989  72    -11       81
  MINIMUM         43   1246 AM  35    1956  49     -6       48
  AVERAGE         52                        61     -9       65

PRECIPITATION (IN)
  YESTERDAY        T             1.49 2004   0.18  -0.18     0.00
  MONTH TO DATE    3.94                      3.20   0.74     0.87
  SINCE MAR 1      5.77                      6.62  -0.85     2.75
  SINCE JAN 1      7.29                     10.97  -3.68     3.60

DEGREE DAYS
 HEATING
  YESTERDAY       13                         6      7        0
  MONTH TO DATE  152                       205    -53      221
  SINCE MAR 1    642                       713    -71      884
  SINCE JUL 1   4178                      3967    211     4733

 COOLING
  YESTERDAY        0                         2     -2        0
  MONTH TO DATE   34                        30      4       12
  SINCE MAR 1     34                        39     -5       12
  SINCE JAN 1     34                        40     -6       12
..................................................................


WIND (MPH)
  HIGHEST WIND SPEED    20   HIGHEST WIND DIRECTION    SE (120)
  HIGHEST GUST SPEED    25   HIGHEST GUST DIRECTION     E (110)
  AVERAGE WIND SPEED     9.4


SKY COVER
  AVERAGE SKY COVER 0.7


WEATHER CONDITIONS
 THE FOLLOWING WEATHER WAS RECORDED YESTERDAY.
  NO SIGNIFICANT WEATHER WAS OBSERVED.


RELATIVE HUMIDITY (PERCENT)
 HIGHEST    65           100 AM
 LOWEST     37           300 PM
 AVERAGE    51

..........................................................


THE JOPLIN MO CLIMATE NORMALS FOR TODAY
                         NORMAL    RECORD    YEAR
 MAXIMUM TEMPERATURE (F)   73        89      1989
 MINIMUM TEMPERATURE (F)   50        31      2005


SUNRISE AND SUNSET
APRIL 24 2015.........SUNRISE   632 AM CDT   SUNSET   801 PM CDT
APRIL 25 2015.........SUNRISE   631 AM CDT   SUNSET   802 PM CDT


-  INDICATES NEGATIVE NUMBERS.
R  INDICATES RECORD WAS SET OR TIED.
MM INDICATES DATA IS MISSING.
T  INDICATES TRACE AMOUNT.




$$
