000
CDUS43 KSGF 010633
CLIJLN


CLIMATE REPORT
NATIONAL WEATHER SERVICE SPRINGFIELD MO
132 AM CDT FRI MAY 1 2015


...................................

...THE JOPLIN MO CLIMATE SUMMARY FOR APRIL 30 2015...

CLIMATE NORMAL PERIOD 1981 TO 2010
CLIMATE RECORD PERIOD 1902 TO 2015


WEATHER ITEM   OBSERVED TIME   RECORD YEAR NORMAL DEPARTURE LAST
                VALUE   (LST)  VALUE       VALUE  FROM      YEAR
                                                  NORMAL
..................................................................
TEMPERATURE (F)
 YESTERDAY
  MAXIMUM         73    452 PM  91    1952  74     -1       56
                                      1987
  MINIMUM         44    606 AM  34    2005  52     -8       41
  AVERAGE         59                        63     -4       49

PRECIPITATION (IN)
  YESTERDAY        0.00          3.48 1970   0.19  -0.19      T
  MONTH TO DATE    3.95                      4.47  -0.52     1.25
  SINCE MAR 1      5.78                      7.89  -2.11     3.13
  SINCE JAN 1      7.30                     12.24  -4.94     3.98

DEGREE DAYS
 HEATING
  YESTERDAY        6                         4      2       16
  MONTH TO DATE  197                       241    -44      266
  SINCE MAR 1    687                       749    -62      929
  SINCE JUL 1   4223                      4003    220     4778

 COOLING
  YESTERDAY        0                         2     -2        0
  MONTH TO DATE   35                        44     -9       23
  SINCE MAR 1     35                        53    -18       23
  SINCE JAN 1     35                        54    -19       23
..................................................................


WIND (MPH)
  HIGHEST WIND SPEED    17   HIGHEST WIND DIRECTION     N (340)
  HIGHEST GUST SPEED    22   HIGHEST GUST DIRECTION     N (340)
  AVERAGE WIND SPEED     5.5


SKY COVER
  AVERAGE SKY COVER 0.0


WEATHER CONDITIONS
 THE FOLLOWING WEATHER WAS RECORDED YESTERDAY.
  NO SIGNIFICANT WEATHER WAS OBSERVED.


RELATIVE HUMIDITY (PERCENT)
 HIGHEST    92           300 AM
 LOWEST     29           300 PM
 AVERAGE    61

..........................................................


THE JOPLIN MO CLIMATE NORMALS FOR TODAY
                         NORMAL    RECORD    YEAR
 MAXIMUM TEMPERATURE (F)   74        91      1952
 MINIMUM TEMPERATURE (F)   52        30      1960


SUNRISE AND SUNSET
MAY  1 2015...........SUNRISE   624 AM CDT   SUNSET   807 PM CDT
MAY  2 2015...........SUNRISE   623 AM CDT   SUNSET   808 PM CDT


-  INDICATES NEGATIVE NUMBERS.
R  INDICATES RECORD WAS SET OR TIED.
MM INDICATES DATA IS MISSING.
T  INDICATES TRACE AMOUNT.




$$
